{"id":100172,"date":"2024-03-05T09:07:31","date_gmt":"2024-03-05T09:07:31","guid":{"rendered":"https:\/\/htb.com.pl\/?post_type=product&#038;p=100172"},"modified":"2024-03-05T09:16:10","modified_gmt":"2024-03-05T09:16:10","slug":"naturalny-olej-konopny-tloczony-na-zimno-250-ml","status":"publish","type":"product","link":"https:\/\/htb.com.pl\/?product=naturalny-olej-konopny-tloczony-na-zimno-250-ml","title":{"rendered":"Naturalny olej konopny t\u0142oczony na zimno, 250 ml"},"content":{"rendered":"<h1>NATURALNY OLEJ KONOPNY<\/h1>\n<h2>NATURALNY OLEJ ZIMNOT\u0141OCZONY<\/h2>\n<p>&nbsp;<\/p>\n<p>&nbsp;<\/p>\n<p><strong>Olej konopny<\/strong>\u00a0INDIA t\u0142oczymy z nasion konopi w\u0142\u00f3knistej.<\/p>\n<ul>\n<li>T\u0142oczony na zimno (nierafinowany), pochodzi z pierwszego t\u0142oczenia,<\/li>\n<li>Powstaje w niewielkich partiach, aby\u015bcie mieli pewno\u015b\u0107, \u017ce zawsze trafia do Was \u015bwie\u017cy,<\/li>\n<li>Olej konopny ma naturalny, g\u0142\u0119boki, lekko orzechowy smak,<\/li>\n<li>Wykorzystywany jako dodatek do posi\u0142k\u00f3w, podkre\u015bla smak m.in. sa\u0142atek, dressing\u00f3w, pieczywa, tost\u00f3w, makaron\u00f3w, a tak\u017ce surowych, gotowanych lub pieczonych warzyw,<\/li>\n<\/ul>\n<p>&nbsp;<\/p>\n<p>Najlepiej spo\u017cywa\u0107 na zimno.<br \/>\nOlej konopny przechowywa\u0107 w suchym i ch\u0142odnym miejscu, w temperaturze nieprzekraczaj\u0105cej 20\u00b0C, chroni\u0107 przed s\u0142o\u0144cem.<\/p>\n<p>Olej konopny ma barw\u0119 od z\u0142ocistozielonej do oliwkowej w zale\u017cno\u015bci od danej partii ziarna; mo\u017cliwy naturalny osad. Przed u\u017cyciem wstrz\u0105sn\u0105\u0107.<\/p>\n<p><strong>Kraj pochodzenia:\u00a0<\/strong>Ukraina<\/p>\n<p><strong>Pojemno\u015b\u0107:<\/strong>\u00a0250 ml<\/p>\n<p><strong>Warto\u015b\u0107 od\u017cywcza:<\/strong><br \/>\nwarto\u015b\u0107 energetyczna: t\u0142uszcz- 99,9 g, w tym kwasy t\u0142uszczowe nasycone- 9,6 g, kwasy t\u0142uszczowe jednonienasycone- 16 g, kwasy t\u0142uszczowe wielonienasycone- 72,2 g, w\u0119glowodany- 0 g, w tym cukry- 0 g, bia\u0142ko- 0 g, s\u00f3l- 0 g.<\/p>\n<p>&nbsp;<\/p>\n<p>Wyr\u00f3b nie jest lekiem. Nie leczy. Powsta\u0142 z niezmodyfikowanych sk\u0142adnik\u00f3w naturalnych. Zawarto\u015b\u0107 witamin, mikroelement\u00f3w czy innych substancji odpowiada naturalnym proporcjom wyst\u0119puj\u0105cym w dziko rosn\u0105cej ro\u015blinie.<\/p>\n<p>Zio\u0142a, warzywa i owoce posiadaj\u0105 w swoim sk\u0142adzie szereg witamin i mikroelement\u00f3w, znanych i uznanych od stuleci, kt\u00f3re wp\u0142ywaj\u0105 korzystnie na organizm<br \/>\ni zachodz\u0105ce w nim procesy fizjologiczne. Niekt\u00f3rym wprost przypisuje si\u0119 w\u0142a\u015bciwo\u015bci lecznicze. Jednak\u017ce obecnie obowi\u0105zuj\u0105ce ustawodawstwo zabrania przedstawiania najbardziej naturalnych \u015brodk\u00f3w spo\u017cywczych jako posiadaj\u0105cych w\u0142a\u015bciwo\u015bci prozdrowotne. Przepisy w tym zakresie s\u0105 wewn\u0119trznie sprzeczne,<br \/>\na s\u0142u\u017cby G\u0142\u00f3wnego Inspektora Sanitarnego (Powiatowe Stacje Sanitarno-Epidemiologiczne) stosuj\u0105 najbardziej rygorystyczn\u0105 wyk\u0142adni\u0119, kt\u00f3ra spowodowa\u0107 mo\u017ce wkr\u00f3tce, \u017ce sprzedawanie zi\u00f3\u0142, owoc\u00f3w i warzyw, a wi\u0119c najbardziej naturalnych sk\u0142adnik\u00f3w \u017cywno\u015bciowych b\u0119dzie mo\u017cliwe, ale bez informowania o ich w\u0142a\u015bciwo\u015bciach. Dla przyk\u0142adu b\u0119dzie mo\u017ce sprzedawa\u0107 czosnek, ale zabronione b\u0119dzie informowanie, \u017ce jest naturalnym antybiotykiem i wspomaga organizm<br \/>\nw przezi\u0119bieniach i zapaleniu gard\u0142a.<\/p>\n<p>*\u00a0<strong>THC<\/strong>&lt;0,2%<\/p>\n<p><strong>\u00a0 \u00a0<\/strong><strong>CBD\u00a0<\/strong>naturalnie wyst\u0119puje w konopi siewnej (Cannabis Sativa L).<\/p>\n","protected":false},"excerpt":{"rendered":"<p><img loading=\"lazy\" decoding=\"async\" class=\"alignnone size-full wp-image-44980\" src=\"https:\/\/htb.com.pl\/wp-content\/uploads\/2019\/06\/Tel-ma\u0142y.jpg\" alt=\"\" width=\"97\" height=\"100\" \/> (+48) 519652500<\/p>\n<h1><a href=\"https:\/\/www.indiacosmetics.pl\/p\/naturalny-olej-konopny-tloczony-na-zimno-250-ml,24\">TU ZAMAWIAMY<\/a><\/h1>\n<p>Koszyk to towar wyprzeda\u017cowy<\/p>\n<p>&nbsp;<\/p>\n","protected":false},"featured_media":100173,"comment_status":"open","ping_status":"closed","template":"","meta":[],"class_list":{"0":"post-100172","1":"product","2":"type-product","3":"status-publish","4":"has-post-thumbnail","6":"product_cat-specyfiki-marysi","7":"product_tag-250-ml","8":"product_tag-naturalny-olej-konopny-tloczony-na-zimno","10":"first","11":"instock","12":"taxable","13":"shipping-taxable","14":"purchasable","15":"product-type-simple"},"jetpack_sharing_enabled":true,"_links":{"self":[{"href":"https:\/\/htb.com.pl\/index.php?rest_route=\/wp\/v2\/product\/100172","targetHints":{"allow":["GET"]}}],"collection":[{"href":"https:\/\/htb.com.pl\/index.php?rest_route=\/wp\/v2\/product"}],"about":[{"href":"https:\/\/htb.com.pl\/index.php?rest_route=\/wp\/v2\/types\/product"}],"replies":[{"embeddable":true,"href":"https:\/\/htb.com.pl\/index.php?rest_route=%2Fwp%2Fv2%2Fcomments&post=100172"}],"wp:featuredmedia":[{"embeddable":true,"href":"https:\/\/htb.com.pl\/index.php?rest_route=\/wp\/v2\/media\/100173"}],"wp:attachment":[{"href":"https:\/\/htb.com.pl\/index.php?rest_route=%2Fwp%2Fv2%2Fmedia&parent=100172"}],"curies":[{"name":"wp","href":"https:\/\/api.w.org\/{rel}","templated":true}]}}