{"id":100180,"date":"2024-03-05T11:04:27","date_gmt":"2024-03-05T11:04:27","guid":{"rendered":"https:\/\/htb.com.pl\/?post_type=product&#038;p=100180"},"modified":"2024-03-05T11:04:27","modified_gmt":"2024-03-05T11:04:27","slug":"cbd-5-ekstrakt-10-ml","status":"publish","type":"product","link":"https:\/\/htb.com.pl\/?product=cbd-5-ekstrakt-10-ml","title":{"rendered":"CBD 5% (ekstrakt), 10 ml"},"content":{"rendered":"<h1><strong>EKSTRAKT Z KONOPI SIEWNYCH, CBD 5%<\/strong><\/h1>\n<p>&nbsp;<\/p>\n<p>Sk\u0142adniki: Olej konopny &#8211; 9500 mg, CBD &#8211; 500 mg.<\/p>\n<p>Obj\u0119to\u015b\u0107: 10 ml<\/p>\n<p>&nbsp;<\/p>\n<p>Wyr\u00f3b nie jest lekiem. Nie leczy.<\/p>\n<p>*\u00a0<strong>THC<\/strong>&lt;0,2%<\/p>\n<p><strong>\u00a0 \u00a0<\/strong><strong>CBD\u00a0<\/strong>naturalnie wyst\u0119puje w konopi siewnej (Cannabis Sativa L).<\/p>\n<p>&nbsp;<\/p>\n","protected":false},"excerpt":{"rendered":"<p><img loading=\"lazy\" decoding=\"async\" class=\"alignnone size-full wp-image-44980\" src=\"https:\/\/htb.com.pl\/wp-content\/uploads\/2019\/06\/Tel-ma\u0142y.jpg\" alt=\"\" width=\"97\" height=\"100\" \/> (+48) 519652500<\/p>\n<h1><a href=\"https:\/\/www.indiacosmetics.pl\/p\/cbd-5-ekstrakt-10-ml,223\">TU ZAMAWIAMY<\/a><\/h1>\n<p><strong>Koszyk to towar wyprzeda\u017cowy<\/strong><\/p>\n","protected":false},"featured_media":100179,"comment_status":"open","ping_status":"closed","template":"","meta":[],"class_list":{"0":"post-100180","1":"product","2":"type-product","3":"status-publish","4":"has-post-thumbnail","6":"product_cat-specyfiki-marysi","7":"product_tag-10-ml","8":"product_tag-cbd-5-ekstrakt","10":"first","11":"instock","12":"taxable","13":"shipping-taxable","14":"purchasable","15":"product-type-simple"},"jetpack_sharing_enabled":true,"_links":{"self":[{"href":"https:\/\/htb.com.pl\/index.php?rest_route=\/wp\/v2\/product\/100180","targetHints":{"allow":["GET"]}}],"collection":[{"href":"https:\/\/htb.com.pl\/index.php?rest_route=\/wp\/v2\/product"}],"about":[{"href":"https:\/\/htb.com.pl\/index.php?rest_route=\/wp\/v2\/types\/product"}],"replies":[{"embeddable":true,"href":"https:\/\/htb.com.pl\/index.php?rest_route=%2Fwp%2Fv2%2Fcomments&post=100180"}],"wp:featuredmedia":[{"embeddable":true,"href":"https:\/\/htb.com.pl\/index.php?rest_route=\/wp\/v2\/media\/100179"}],"wp:attachment":[{"href":"https:\/\/htb.com.pl\/index.php?rest_route=%2Fwp%2Fv2%2Fmedia&parent=100180"}],"curies":[{"name":"wp","href":"https:\/\/api.w.org\/{rel}","templated":true}]}}