{"id":100230,"date":"2024-03-06T12:23:07","date_gmt":"2024-03-06T12:23:07","guid":{"rendered":"https:\/\/htb.com.pl\/?post_type=product&#038;p=100230"},"modified":"2024-03-06T12:23:07","modified_gmt":"2024-03-06T12:23:07","slug":"mydlo-konopne-w-kostce-90g","status":"publish","type":"product","link":"https:\/\/htb.com.pl\/?product=mydlo-konopne-w-kostce-90g","title":{"rendered":"Myd\u0142o konopne w kostce, 90g"},"content":{"rendered":"<h1>MYD\u0141O KONOPNE Z CBD W KOSTCE<\/h1>\n<p>Wysy\u0142ka zagraniczna<\/p>\n<h1><img loading=\"lazy\" decoding=\"async\" src=\"https:\/\/www.indiacosmetics.pl\/files\/SEO\/zdjecia%20skompre\/IMG_0295.jpg\" alt=\"myd\u0142o konopne indiacosmetics \" width=\"320\" height=\"480\" \/><\/h1>\n<p>R\u0119cznie robione myd\u0142o wega\u0144skie bez sztucznych dodatk\u00f3w.<br \/>\nWega\u0144skie myd\u0142o z olejem konopnym przeznaczone jest do mycia i piel\u0119gnacji ca\u0142ego cia\u0142a, dla ka\u017cdego rodzaju sk\u00f3ry.<\/p>\n<h2>WEGA\u0143SKIE MYD\u0141O Z OLEJEM KONOPNYM \u2014 W\u0141A\u015aCIWO\u015aCI:<\/h2>\n<p>Dzi\u0119ki zawarto\u015bci oleju konopnego\u00a0<strong>wega\u0144skie myd\u0142o<\/strong>\u00a0\u0142agodzi podra\u017cnienia, nawil\u017ca i sprzyja szybszej regeneracji.<\/p>\n<p>Myd\u0142o konopne w kostce pozostawia delikatny zapach bambusa.<br \/>\nNie zawiera barwnik\u00f3w.<br \/>\nMyd\u0142o z olejem konopnym posiada sznurek umo\u017cliwiaj\u0105cy zawieszenie go po u\u017cyciu.<\/p>\n<p>Produkt przebadany dermatologicznie na grupie os\u00f3b ze sk\u00f3r\u0105 wra\u017cliw\u0105.<\/p>\n<p><strong>100% naturalne wega\u0144skie myd\u0142o z olejem konopnym<\/strong><\/p>\n<h2>SK\u0141ADNIKI WEGA\u0143SKIEGO MYD\u0141A Z OLEJEM KONOPNYM<\/h2>\n<ul>\n<li>\n<ul>\n<li><strong>Olej konopny<\/strong><\/li>\n<\/ul>\n<\/li>\n<\/ul>\n<p>Nawil\u017ca, od\u017cywia i dzia\u0142a \u0142agodz\u0105co na podra\u017cnion\u0105 sk\u00f3r\u0119, przyspieszaj\u0105c jej regeneracj\u0119. Poprawia odporno\u015b\u0107 sk\u00f3ry na dzia\u0142anie czynnik\u00f3w zewn\u0119trznych \u2013 mrozu, wiatru i promieni s\u0142onecznych.<\/p>\n<ul>\n<li>\n<ul>\n<li><strong>Olej kokosowy<\/strong><\/li>\n<\/ul>\n<\/li>\n<\/ul>\n<p>Intensywnie zmi\u0119kcza i nawil\u017ca nask\u00f3rek.<\/p>\n<ul>\n<li>\n<ul>\n<li><strong>Gliceryna<\/strong><\/li>\n<\/ul>\n<\/li>\n<\/ul>\n<p>Dodatkowo chroni nask\u00f3rek przed czynnikami zewn\u0119trznymi.<\/p>\n<p>*\u00a0<strong>THC<\/strong>&lt;0,2%<\/p>\n<p><strong>\u00a0 \u00a0<\/strong><strong>CBD\u00a0<\/strong>naturalnie wyst\u0119puje w konopi siewnej (Cannabis Sativa L).<\/p>\n<p><strong>Ingredients:<\/strong>\u00a0Aqua, Glycerin, Sorbitol, Sodium Stearate, Sodium Laurate, Propylene, Glycol, Sodium Oleate, Sodium Myristate, Sodium Chloride, Cannabis Sativa Oil, Parfum, Cocos Nucifera (Coconut) Oil, Glyceryl Laurate, Cocamidopropyl Betaine, Sodium Thiosulfate, Sodium Citrate, Citric Acid, Trisodium Sulfosuccinate, Pentasodium Pentetate, Tetrasodium Etidronate, Limonene, Linalool, Alpha-isomethyl ionone, Citronellol.<\/p>\n<p><strong>Masa netto:<\/strong>\u00a090 g<\/p>\n","protected":false},"excerpt":{"rendered":"<p><img loading=\"lazy\" decoding=\"async\" class=\"alignnone size-full wp-image-44980\" src=\"https:\/\/htb.com.pl\/wp-content\/uploads\/2019\/06\/Tel-ma\u0142y.jpg\" alt=\"\" width=\"97\" height=\"100\" \/> (+48) 519652500<\/p>\n<h1><a href=\"https:\/\/www.indiacosmetics.pl\/p\/mydlo-konopne-w-kostce-90g,292\">TU ZAMAWIAMY<\/a><\/h1>\n<p><strong>Koszyk to towar z wyprzeda\u017cy<\/strong><\/p>\n","protected":false},"featured_media":100231,"comment_status":"open","ping_status":"closed","template":"","meta":[],"class_list":{"0":"post-100230","1":"product","2":"type-product","3":"status-publish","4":"has-post-thumbnail","6":"product_cat-specyfiki-marysi","7":"product_tag-90g","8":"product_tag-mydlo-konopne-w-kostce","10":"first","11":"instock","12":"taxable","13":"shipping-taxable","14":"purchasable","15":"product-type-simple"},"jetpack_sharing_enabled":true,"_links":{"self":[{"href":"https:\/\/htb.com.pl\/index.php?rest_route=\/wp\/v2\/product\/100230","targetHints":{"allow":["GET"]}}],"collection":[{"href":"https:\/\/htb.com.pl\/index.php?rest_route=\/wp\/v2\/product"}],"about":[{"href":"https:\/\/htb.com.pl\/index.php?rest_route=\/wp\/v2\/types\/product"}],"replies":[{"embeddable":true,"href":"https:\/\/htb.com.pl\/index.php?rest_route=%2Fwp%2Fv2%2Fcomments&post=100230"}],"wp:featuredmedia":[{"embeddable":true,"href":"https:\/\/htb.com.pl\/index.php?rest_route=\/wp\/v2\/media\/100231"}],"wp:attachment":[{"href":"https:\/\/htb.com.pl\/index.php?rest_route=%2Fwp%2Fv2%2Fmedia&parent=100230"}],"curies":[{"name":"wp","href":"https:\/\/api.w.org\/{rel}","templated":true}]}}