{"id":100277,"date":"2024-03-07T07:01:06","date_gmt":"2024-03-07T07:01:06","guid":{"rendered":"https:\/\/htb.com.pl\/?post_type=product&#038;p=100277"},"modified":"2024-03-07T10:41:48","modified_gmt":"2024-03-07T10:41:48","slug":"serum-z-olejem-konopnym-dla-suchej-skory-50-ml","status":"publish","type":"product","link":"https:\/\/htb.com.pl\/?product=serum-z-olejem-konopnym-dla-suchej-skory-50-ml","title":{"rendered":"Serum z olejem konopnym dla suchej sk\u00f3ry, 50 ml"},"content":{"rendered":"<h1>KONOPNE SERUM Z OLEJEM KONOPNYM DLA SUCHEJ SK\u00d3RY &#8211; UKOJENIE SPIERZCHNI\u0118TEJ SK\u00d3RY<\/h1>\n<p>Serum z olejem konopnym zosta\u0142o stworzone z my\u015bl\u0105 o efektywnym i kompleksowym dzia\u0142aniu &#8211; g\u0142\u0119boko nawil\u017ca i regeneruj\u0119 such\u0105 sk\u00f3r\u0119 twarzy i d\u0142oni.<br \/>\nW\u0142a\u015bciwo\u015bci najwa\u017cniejszego sk\u0142adnika aktywnego \u2013 oleju konopnego \u2013 gwarantuj\u0105 intensywne i g\u0142\u0119bokie nawil\u017cenie.<br \/>\nOlej konopny<strong>\u00a0w serum<\/strong>\u00a0dostarcza sk\u00f3rze niezb\u0119dne sk\u0142adniki od\u017cywcze, co podnosi odporno\u015b\u0107 nask\u00f3rka na szkodliwe dzia\u0142anie czynnik\u00f3w zewn\u0119trznych (chroni przed wiatrem, ch\u0142odem, mrozem).<br \/>\nSubstancje dodatkowe wzmacniaj\u0105 dzia\u0142anie konopnego serum, pobudzaj\u0105c odbudow\u0119 nask\u00f3rka i koryguj\u0105c niedoskona\u0142o\u015bci.<\/p>\n<p><img loading=\"lazy\" decoding=\"async\" src=\"https:\/\/www.indiacosmetics.pl\/files\/SEO\/serum.jpg\" alt=\"serum do twarzy suchej\" width=\"320\" height=\"320\" \/><\/p>\n<h2>SK\u0141ADNIKI AKTYWNE SERUM Z OLEJEM KONOPNYM<\/h2>\n<ul>\n<li>\n<ul>\n<li><strong>Olej konopny<\/strong><\/li>\n<\/ul>\n<\/li>\n<\/ul>\n<p>Nawil\u017ca, od\u017cywia, dzia\u0142a \u0142agodz\u0105co na podra\u017cnion\u0105 sk\u00f3r\u0119 i przyspiesza jej regeneracj\u0119.<\/p>\n<ul>\n<li>\n<ul>\n<li><strong>Aloe vera<\/strong><\/li>\n<\/ul>\n<\/li>\n<\/ul>\n<p>\u0141agodzi podra\u017cnienia oraz regeneruje przesuszon\u0105 sk\u00f3r\u0119.<\/p>\n<ul>\n<li>\n<ul>\n<li><strong>D-panthenol<\/strong><\/li>\n<\/ul>\n<\/li>\n<\/ul>\n<p>Ma dzia\u0142anie nawil\u017caj\u0105ce, koi, \u0142agodzi zaczerwienienia i dzia\u0142a przeciwzapalnie.<\/p>\n<ul>\n<li>\n<ul>\n<li><strong>Witamina E<\/strong>\u00a0(zwana w kosmetologii \u201ewitamin\u0105 m\u0142odo\u015bci\u201d)<\/li>\n<\/ul>\n<\/li>\n<\/ul>\n<p>Chroni nask\u00f3rek i regeneruje w\u0142\u00f3kna kolagenowe, zmi\u0119kcza i wyg\u0142adza powierzchni\u0119 sk\u00f3ry.<\/p>\n<h2>JAK STOSOWA\u0106 SERUM DO SUCHEJ SK\u00d3RY?<\/h2>\n<ul>\n<li>\n<ul>\n<li>serum do twarzy,<\/li>\n<li>serum do r\u0105k,<\/li>\n<li>serum do cia\u0142a.<\/li>\n<\/ul>\n<\/li>\n<\/ul>\n<p>Wmasowa\u0107 niewielk\u0105 ilo\u015b\u0107 kremu w sk\u00f3r\u0119. U\u017cywa\u0107 w zale\u017cno\u015bci od potrzeb.<\/p>\n<p>Stosowane regularnie i dora\u017anie serum z olejem konopnym pozwala upora\u0107 si\u0119 z takimi problemami jak przesuszona sk\u00f3ra d\u0142oni i twarzy zim\u0105 lub sucha sk\u00f3ra latem.<\/p>\n<p>*\u00a0<strong>THC<\/strong>&lt;0,2%<\/p>\n<p><strong>\u00a0 \u00a0 \u00a0 \u00a0 \u00a0 \u00a0<\/strong><strong>CBD\u00a0<\/strong>naturalnie wyst\u0119puje w konopi siewnej (Cannabis Sativa L).<\/p>\n<p><strong>Ingredients:<\/strong>\u00a0Aqua, Petrolatum, Cetearyl Alcohol, Glycerin, Cyclopentasiloxane, Butyrospermum Parkii Butter, Caprylic\/ Capric Triglyceride, Ceteareth-20, Glycine Soja Oil, Lanolin, Paraffinum Liquidum, Urea, Cannabis Sativa Seed Oil, Aloe Barbadensis Leaf Juice, Allantoin, Panthenol, Tocopheryl Acetate, Dimethiconol, Polyisobutene, Potassium Cetyl Phosphate, Isostearyl Isostearate, Cetyl Stearate, Carbomer, Cetyl Alcohol, Stearic Acid, Xanthan Gum, Biosaccharide Gum-1, Disodium EDTA, Sodium Hydroxide, Citric Acid, Lactic Acid, Phenoxyethanol, Ethylhexylglycerin, Potassium Sorbate, Sodium Benzoate, Parfum, Hexyl Cinnamal, Limonene<\/p>\n<p><strong>Pojemno\u015b\u0107:<\/strong>\u00a050 ml<\/p>\n","protected":false},"excerpt":{"rendered":"<p><img loading=\"lazy\" decoding=\"async\" class=\"alignnone size-full wp-image-44980\" src=\"https:\/\/htb.com.pl\/wp-content\/uploads\/2019\/06\/Tel-ma\u0142y.jpg\" alt=\"\" width=\"97\" height=\"100\" \/> (+48) 519652500<\/p>\n<h1><a href=\"https:\/\/www.indiacosmetics.pl\/p\/serum-z-olejem-konopnym-dla-suchej-skory-50-ml,16\">TU ZAMAWIAMY<\/a><\/h1>\n<p><strong>Koszyk to towar z wyprzeda\u017cy<\/strong><\/p>\n","protected":false},"featured_media":100278,"comment_status":"open","ping_status":"closed","template":"","meta":[],"class_list":{"0":"post-100277","1":"product","2":"type-product","3":"status-publish","4":"has-post-thumbnail","6":"product_cat-specyfiki-marysi","7":"product_tag-50-ml","8":"product_tag-serum-z-olejem-konopnym-dla-suchej-skory","10":"first","11":"instock","12":"taxable","13":"shipping-taxable","14":"purchasable","15":"product-type-simple"},"jetpack_sharing_enabled":true,"_links":{"self":[{"href":"https:\/\/htb.com.pl\/index.php?rest_route=\/wp\/v2\/product\/100277","targetHints":{"allow":["GET"]}}],"collection":[{"href":"https:\/\/htb.com.pl\/index.php?rest_route=\/wp\/v2\/product"}],"about":[{"href":"https:\/\/htb.com.pl\/index.php?rest_route=\/wp\/v2\/types\/product"}],"replies":[{"embeddable":true,"href":"https:\/\/htb.com.pl\/index.php?rest_route=%2Fwp%2Fv2%2Fcomments&post=100277"}],"wp:featuredmedia":[{"embeddable":true,"href":"https:\/\/htb.com.pl\/index.php?rest_route=\/wp\/v2\/media\/100278"}],"wp:attachment":[{"href":"https:\/\/htb.com.pl\/index.php?rest_route=%2Fwp%2Fv2%2Fmedia&parent=100277"}],"curies":[{"name":"wp","href":"https:\/\/api.w.org\/{rel}","templated":true}]}}