{"id":109781,"date":"2024-09-14T15:20:59","date_gmt":"2024-09-14T15:20:59","guid":{"rendered":"https:\/\/htb.com.pl\/?post_type=product&#038;p=109781"},"modified":"2024-09-14T15:22:58","modified_gmt":"2024-09-14T15:22:58","slug":"liscie-miety-50-g-2","status":"publish","type":"product","link":"https:\/\/htb.com.pl\/?product=liscie-miety-50-g-2","title":{"rendered":"Li\u015bcie mi\u0119ty, 50 g"},"content":{"rendered":"<h1><a href=\"https:\/\/www.indiacosmetics.pl\/p\/liscie-miety-50-g,355\">TU ZAMAWIAMY<\/a><\/h1>\n<p><img loading=\"lazy\" decoding=\"async\" class=\"alignnone size-full wp-image-44980\" src=\"https:\/\/htb.com.pl\/wp-content\/uploads\/2019\/06\/Tel-ma\u0142y.jpg\" alt=\"\" width=\"97\" height=\"100\" \/> (+48) 519652500<\/p>\n<p>Tradycyjne receptury z pokolenia na pokolenie.<\/p>\n<p>\u201eOd wielu lat zbieram lecznicze zio\u0142a. \u0141\u0105cz\u0119 je w odpowiednio dobrane mieszanki, pomagaj\u0105ce w poszczeg\u00f3lnych dolegliwo\u015bciach. Wykorzystuj\u0119 tylko tradycyjne receptury, przekazywane z pokolenia na pokolenie przez mieszka\u0144c\u00f3w mojej wsi. Ka\u017cde zebrane przeze mnie zio\u0142o pochodzi wy\u0142\u0105cznie z miejsca jego naturalnego wyst\u0119powania. Wszystkie ro\u015bliny suszone s\u0105 w naturalnych warunkach, dzi\u0119ki czemu zachowuj\u0105 swoje w\u0142a\u015bciwo\u015bci &#8211; Oleksander<\/p>\n<p><em>Mieszanki zawieraj\u0105 r\u0119cznie zbierane oraz naturalnie suszone sk\u0142adniki.<\/em><\/p>\n<p><strong><img loading=\"lazy\" decoding=\"async\" src=\"https:\/\/www.indiacosmetics.pl\/files\/Grafika\/2022\/opisy%20produkty\/86192529_1494270380696903_509310931495288832_n.jpg\" alt=\"liscie miety\" width=\"400\" height=\"400\" \/><\/strong><\/p>\n<p>&nbsp;<\/p>\n<p><strong>Sk\u0142adniki:<\/strong>\u00a0li\u015bcie mi\u0119ty (\u0142ac. Mint folia)<\/p>\n<p><strong>Warunki przechowywania:<\/strong>\u00a0Przechowywa\u0107 w suchym i ch\u0142odnym miejscu<\/p>\n<p><strong>Kraj pochodzenia:\u00a0<\/strong>Ukraina<\/p>\n<p><strong>Opakowanie:<\/strong>\u00a0Pakowane w torebki doypack z zapi\u0119ciem strunowym<\/p>\n<p><strong>Masa netto:<\/strong>\u00a050 g<\/p>\n<p><strong>Spos\u00f3b przygotowania (parzenia):<\/strong>\u00a0 jedn\u0105 \u0142y\u017ck\u0119 sto\u0142ow\u0105 li\u015bci zala\u0107 250 ml wrz\u0105tku i parzy\u0107 pod przykryciem 30 minut<\/p>\n","protected":false},"excerpt":{"rendered":"<p>TU ZAMAWIAMY (+48) 519652500 Tradycyjne receptury z pokolenia na pokolenie. \u201eOd wielu lat zbieram lecznicze zio\u0142a. \u0141\u0105cz\u0119 je w odpowiednio dobrane mieszanki, pomagaj\u0105ce w poszczeg\u00f3lnych dolegliwo\u015bciach. Wykorzystuj\u0119 tylko tradycyjne receptury, przekazywane z pokolenia na pokolenie przez mieszka\u0144c\u00f3w mojej wsi. Ka\u017cde zebrane przeze mnie zio\u0142o pochodzi wy\u0142\u0105cznie z miejsca jego naturalnego wyst\u0119powania. Wszystkie ro\u015bliny suszone s\u0105 [&hellip;]<\/p>\n","protected":false},"featured_media":109784,"comment_status":"open","ping_status":"closed","template":"","meta":[],"class_list":{"0":"post-109781","1":"product","2":"type-product","3":"status-publish","4":"has-post-thumbnail","6":"product_cat-specyfiki-marysi","7":"product_tag-50-g","8":"product_tag-liscie-miety","10":"first","11":"instock","12":"taxable","13":"shipping-taxable","14":"product-type-simple"},"jetpack_sharing_enabled":true,"_links":{"self":[{"href":"https:\/\/htb.com.pl\/index.php?rest_route=\/wp\/v2\/product\/109781","targetHints":{"allow":["GET"]}}],"collection":[{"href":"https:\/\/htb.com.pl\/index.php?rest_route=\/wp\/v2\/product"}],"about":[{"href":"https:\/\/htb.com.pl\/index.php?rest_route=\/wp\/v2\/types\/product"}],"replies":[{"embeddable":true,"href":"https:\/\/htb.com.pl\/index.php?rest_route=%2Fwp%2Fv2%2Fcomments&post=109781"}],"wp:featuredmedia":[{"embeddable":true,"href":"https:\/\/htb.com.pl\/index.php?rest_route=\/wp\/v2\/media\/109784"}],"wp:attachment":[{"href":"https:\/\/htb.com.pl\/index.php?rest_route=%2Fwp%2Fv2%2Fmedia&parent=109781"}],"curies":[{"name":"wp","href":"https:\/\/api.w.org\/{rel}","templated":true}]}}