{"id":117323,"date":"2025-02-21T15:22:18","date_gmt":"2025-02-21T15:22:18","guid":{"rendered":"https:\/\/htb.com.pl\/?post_type=product&#038;p=117323"},"modified":"2025-02-21T15:56:05","modified_gmt":"2025-02-21T15:56:05","slug":"woda-toaletowa-meska-z-nuta-konopi-100-ml","status":"publish","type":"product","link":"https:\/\/htb.com.pl\/?product=woda-toaletowa-meska-z-nuta-konopi-100-ml","title":{"rendered":"Woda toaletowa m\u0119ska z nut\u0105 konopi, 100 ml"},"content":{"rendered":"<p><img loading=\"lazy\" decoding=\"async\" class=\"alignnone size-full wp-image-44980\" src=\"https:\/\/htb.com.pl\/wp-content\/uploads\/2019\/06\/Tel-ma\u0142y.jpg\" alt=\"\" width=\"97\" height=\"100\" \/> (+48) 519652500<\/p>\n<p><a href=\"https:\/\/www.indiacosmetics.pl\/p\/woda-toaletowa-meska-z-nuta-konopi-100-ml,39\"><strong>TU ZAMAWIAMY<\/strong><\/a><\/p>\n<p>&nbsp;<\/p>\n<h1>Konopna woda toaletowa<\/h1>\n<h2>Wyr\u00f3\u017cniaj\u0105cy si\u0119 zapach dla m\u0119\u017cczyzn<img loading=\"lazy\" decoding=\"async\" src=\"https:\/\/www.indiacosmetics.pl\/files\/SEO\/zdjecia%20skompre\/IMG_0683.jpg\" alt=\"perfumy m\u0119skie o zapachu marihuany \" width=\"320\" height=\"480\" \/><\/h2>\n<p>M\u0119ska woda toaletowa z linii INDIA wyr\u00f3\u017cnia si\u0119 nutami drzewnymi i pozostawiaj\u0105 intensywny zapach le\u015bny z dominuj\u0105c\u0105 nut\u0105 konopi.<br \/>\nKonopna woda toaletowa utrzymuje si\u0119 na sk\u00f3rze i ubraniach przez wiele godzin po u\u017cyciu, pozwalaj\u0105c uwalnia\u0107 si\u0119 kolejnym nutom kompozycji zapachowej.<\/p>\n<p>Perfumy konopne charakteryzuj\u0105 naturalny zapach z subteln\u0105 nut\u0105 konopi.<\/p>\n<p>Zosta\u0142 zachowany balans mi\u0119dzy ci\u0119\u017ckimi, drzewnymi nutami, a nieco l\u017cejszymi, jak np. tropikalny zapach imbiru.<\/p>\n<p>Woda toaletowa INDIA to doskona\u0142y wyb\u00f3r lub pomys\u0142 na prezent dla m\u0119\u017cczyzny, dla kt\u00f3rego licz\u0105 si\u0119: pewno\u015b\u0107 siebie, stanowczo\u015b\u0107 i poczucie si\u0142y, jak r\u00f3wnie\u017c kontakt z natur\u0105. To zapach, wobec kt\u00f3rego kobiety nie przechodz\u0105 oboj\u0119tnie.<\/p>\n<p><strong>Grupa zapach\u00f3w:<\/strong>\u00a0drzewny, konopny<\/p>\n<p><strong>Intensywno\u015b\u0107:<\/strong>\u00a0\u015bredni, d\u0142ugotrwa\u0142y<\/p>\n<p><strong>Okazja:<\/strong>\u00a0do noszenia na co dzie\u0144<\/p>\n<p><strong>Pojemno\u015b\u0107:<\/strong>\u00a0100 ml<\/p>\n","protected":false},"excerpt":{"rendered":"<p>&nbsp;<\/p>\n<p>&nbsp;<\/p>\n","protected":false},"featured_media":117324,"comment_status":"open","ping_status":"closed","template":"","meta":[],"class_list":{"0":"post-117323","1":"product","2":"type-product","3":"status-publish","4":"has-post-thumbnail","6":"product_cat-specyfiki-marysi","8":"first","9":"instock","10":"taxable","11":"shipping-taxable","12":"product-type-simple"},"jetpack_sharing_enabled":true,"_links":{"self":[{"href":"https:\/\/htb.com.pl\/index.php?rest_route=\/wp\/v2\/product\/117323","targetHints":{"allow":["GET"]}}],"collection":[{"href":"https:\/\/htb.com.pl\/index.php?rest_route=\/wp\/v2\/product"}],"about":[{"href":"https:\/\/htb.com.pl\/index.php?rest_route=\/wp\/v2\/types\/product"}],"replies":[{"embeddable":true,"href":"https:\/\/htb.com.pl\/index.php?rest_route=%2Fwp%2Fv2%2Fcomments&post=117323"}],"wp:featuredmedia":[{"embeddable":true,"href":"https:\/\/htb.com.pl\/index.php?rest_route=\/wp\/v2\/media\/117324"}],"wp:attachment":[{"href":"https:\/\/htb.com.pl\/index.php?rest_route=%2Fwp%2Fv2%2Fmedia&parent=117323"}],"curies":[{"name":"wp","href":"https:\/\/api.w.org\/{rel}","templated":true}]}}