{"id":1330,"date":"2018-08-19T07:16:03","date_gmt":"2018-08-19T07:16:03","guid":{"rendered":"https:\/\/htb.com.pl\/?post_type=product&#038;p=1330"},"modified":"2018-08-19T07:16:03","modified_gmt":"2018-08-19T07:16:03","slug":"joanna-audiobook","status":"publish","type":"product","link":"https:\/\/htb.com.pl\/?product=joanna-audiobook","title":{"rendered":"Joanna. Audiobook"},"content":{"rendered":"<table cellspacing=\"0\" cellpadding=\"0\">\n<tbody>\n<tr>\n<td><\/td>\n<td align=\"right\" nowrap=\"nowrap\" width=\"60\"><\/td>\n<\/tr>\n<tr>\n<td colspan=\"2\" height=\"5\"><\/td>\n<\/tr>\n<tr>\n<td colspan=\"2\" valign=\"top\">\n<table border=\"0\" width=\"100%\" cellspacing=\"0\" cellpadding=\"0\">\n<tbody>\n<tr>\n<td>\n<div align=\"justify\">\u201eOd jakiego\u015b czasu coraz cz\u0119\u015bciej zastanawia\u0142am si\u0119, kim jeste\u015bmy dla siebie i czy byliby\u015bmy razem, gdyby\u015bmy nie mieli dzieci&#8230;\u201d. Joanna, wsp\u00f3\u0142czesna trzydziestolatka, matka dw\u00f3jki dzieci, jest rozczarowana zastojem w swoim \u017cyciu: w jej partnerskim zwi\u0105zku brakuje mi\u0142o\u015bci, satysfakcji z seksu. Nie czuje si\u0119 pr&#8230;<\/div>\n<\/td>\n<\/tr>\n<\/tbody>\n<\/table>\n<\/td>\n<\/tr>\n<\/tbody>\n<\/table>\n","protected":false},"excerpt":{"rendered":"<table cellspacing=\"0\" cellpadding=\"0\">\n<tbody>\n<tr>\n<td>\n<table border=\"0\" cellspacing=\"0\" cellpadding=\"0\">\n<tbody>\n<tr>\n<td>Joanna. Audiobook<\/td>\n<\/tr>\n<\/tbody>\n<\/table>\n<\/td>\n<td align=\"right\" nowrap=\"nowrap\" width=\"60\">\n<table cellspacing=\"0\" cellpadding=\"0\">\n<tbody>\n<tr>\n<td nowrap=\"nowrap\"><span style=\"color: black;\"><b>19,47<\/b>\u00a0z\u0142<\/span><\/td>\n<\/tr>\n<\/tbody>\n<\/table>\n<\/td>\n<\/tr>\n<tr>\n<td colspan=\"2\" height=\"5\"><\/td>\n<\/tr>\n<tr>\n<td colspan=\"2\" valign=\"top\">\n<table border=\"0\" width=\"100%\" cellspacing=\"0\" cellpadding=\"0\">\n<tbody>\n<tr>\n<td>\n<table border=\"0\" width=\"100%\" cellspacing=\"0\" cellpadding=\"0\">\n<tbody>\n<tr>\n<td>\n<div>Agnieszka Opolska<\/div>\n<\/td>\n<\/tr>\n<tr>\n<td align=\"left\">\n<div>wydawnictwo:\u00a0<b>StoryBox.pl<\/b>, rok wydania:\u00a0<b>2018<\/b>, no\u015bnik:\u00a0<b>CD<\/b><\/div>\n<\/td>\n<\/tr>\n<\/tbody>\n<\/table>\n<\/td>\n<\/tr>\n<\/tbody>\n<\/table>\n<\/td>\n<\/tr>\n<\/tbody>\n<\/table>\n","protected":false},"featured_media":1331,"comment_status":"open","ping_status":"closed","template":"","meta":[],"class_list":{"0":"post-1330","1":"product","2":"type-product","3":"status-publish","4":"has-post-thumbnail","6":"product_tag-joanna-audiobook","7":"product_tag-zycie-w-malzenstwie","9":"first","10":"instock","11":"taxable","12":"shipping-taxable","13":"purchasable","14":"product-type-simple"},"jetpack_sharing_enabled":true,"_links":{"self":[{"href":"https:\/\/htb.com.pl\/index.php?rest_route=\/wp\/v2\/product\/1330","targetHints":{"allow":["GET"]}}],"collection":[{"href":"https:\/\/htb.com.pl\/index.php?rest_route=\/wp\/v2\/product"}],"about":[{"href":"https:\/\/htb.com.pl\/index.php?rest_route=\/wp\/v2\/types\/product"}],"replies":[{"embeddable":true,"href":"https:\/\/htb.com.pl\/index.php?rest_route=%2Fwp%2Fv2%2Fcomments&post=1330"}],"wp:featuredmedia":[{"embeddable":true,"href":"https:\/\/htb.com.pl\/index.php?rest_route=\/wp\/v2\/media\/1331"}],"wp:attachment":[{"href":"https:\/\/htb.com.pl\/index.php?rest_route=%2Fwp%2Fv2%2Fmedia&parent=1330"}],"curies":[{"name":"wp","href":"https:\/\/api.w.org\/{rel}","templated":true}]}}

<table cellspacing="0" cellpadding="0">
<tbody>
<tr>
<td></td>
<td align="right" nowrap="nowrap" width="60"></td>
</tr>
<tr>
<td colspan="2" height="5"></td>
</tr>
<tr>
<td colspan="2" valign="top">
<table border="0" width="100%" cellspacing="0" cellpadding="0">
<tbody>
<tr>
<td>
<div align="justify">„Od jakiegoś czasu coraz częściej zastanawiałam się, kim jesteśmy dla siebie i czy bylibyśmy razem, gdybyśmy nie mieli dzieci&#8230;”. Joanna, współczesna trzydziestolatka, matka dwójki dzieci, jest rozczarowana zastojem w swoim życiu: w jej partnerskim związku brakuje miłości, satysfakcji z seksu. Nie czuje się pr&#8230;</div>
</td>
</tr>
</tbody>
</table>
</td>
</tr>
</tbody>
</table>

<table cellspacing="0" cellpadding="0">
<tbody>
<tr>
<td>
<table border="0" cellspacing="0" cellpadding="0">
<tbody>
<tr>
<td>Joanna. Audiobook</td>
</tr>
</tbody>
</table>
</td>
<td align="right" nowrap="nowrap" width="60">
<table cellspacing="0" cellpadding="0">
<tbody>
<tr>
<td nowrap="nowrap"><span style="color: black;"><b>19,47</b> zł</span></td>
</tr>
</tbody>
</table>
</td>
</tr>
<tr>
<td colspan="2" height="5"></td>
</tr>
<tr>
<td colspan="2" valign="top">
<table border="0" width="100%" cellspacing="0" cellpadding="0">
<tbody>
<tr>
<td>
<table border="0" width="100%" cellspacing="0" cellpadding="0">
<tbody>
<tr>
<td>
<div>Agnieszka Opolska</div>
</td>
</tr>
<tr>
<td align="left">
<div>wydawnictwo: <b>StoryBox.pl</b>, rok wydania: <b>2018</b>, nośnik: <b>CD</b></div>
</td>
</tr>
</tbody>
</table>
</td>
</tr>
</tbody>
</table>
</td>
</tr>
</tbody>
</table>
