{"id":13681,"date":"2019-11-30T07:06:14","date_gmt":"2019-11-30T07:06:14","guid":{"rendered":"https:\/\/htb.com.pl\/?post_type=product&#038;p=13681"},"modified":"2019-11-30T07:06:14","modified_gmt":"2019-11-30T07:06:14","slug":"polska-anarchia-audiobook","status":"publish","type":"product","link":"https:\/\/htb.com.pl\/?product=polska-anarchia-audiobook","title":{"rendered":"Polska anarchia. Audiobook"},"content":{"rendered":"<table border=\"0\" cellspacing=\"0\" cellpadding=\"0\">\n<tbody>\n<tr>\n<td><\/td>\n<\/tr>\n<\/tbody>\n<\/table>\n<table border=\"0\" cellspacing=\"0\" cellpadding=\"0\">\n<tbody>\n<tr>\n<td><\/td>\n<td><\/td>\n<td><\/td>\n<\/tr>\n<tr valign=\"top\">\n<td><\/td>\n<td align=\"left\">\n<table border=\"0\" width=\"100%\" cellspacing=\"0\" cellpadding=\"5\">\n<tbody>\n<tr>\n<td align=\"left\">\n<table cellspacing=\"0\" cellpadding=\"5\">\n<tbody>\n<tr valign=\"top\">\n<td>\n<table cellspacing=\"0\" cellpadding=\"0\">\n<tbody>\n<tr>\n<td><\/td>\n<td align=\"right\" nowrap=\"nowrap\" width=\"60\">\n<table cellspacing=\"0\" cellpadding=\"0\">\n<tbody>\n<tr>\n<td nowrap=\"nowrap\"><\/td>\n<\/tr>\n<\/tbody>\n<\/table>\n<\/td>\n<\/tr>\n<tr>\n<td colspan=\"2\" height=\"5\"><\/td>\n<\/tr>\n<tr>\n<td colspan=\"2\" valign=\"top\">\n<table border=\"0\" width=\"100%\" cellspacing=\"0\" cellpadding=\"0\">\n<tbody>\n<tr>\n<td>\n<div align=\"justify\">Czy warcholstwo i sk\u0142onno\u015b\u0107 do anarchii to cz\u0119\u015b\u0107 polskiego charakteru narodowego? W wydanym po\u015bmiertnie zbiorze esej\u00f3w Pawe\u0142 Jasienica polemizuje z tym stereotypem, podtrzymywanym mi\u0119dzy innymi przez powie\u015bci Sienkiewicza. Analizuj\u0105c dzieje Rzeczpospolitej od XVI wieku i przyczyny jej upadku, dowodzi, \u017ce \u201eniepraw&#8230;<\/div>\n<\/td>\n<\/tr>\n<\/tbody>\n<\/table>\n<\/td>\n<\/tr>\n<\/tbody>\n<\/table>\n<\/td>\n<\/tr>\n<\/tbody>\n<\/table>\n<\/td>\n<\/tr>\n<\/tbody>\n<\/table>\n<\/td>\n<\/tr>\n<\/tbody>\n<\/table>\n","protected":false},"excerpt":{"rendered":"<p>&nbsp;<\/p>\n<table border=\"0\" width=\"100%\" cellspacing=\"0\" cellpadding=\"5\">\n<tbody>\n<tr>\n<td align=\"left\">\n<table cellspacing=\"0\" cellpadding=\"5\">\n<tbody>\n<tr valign=\"top\">\n<td>\n<table cellspacing=\"0\" cellpadding=\"0\">\n<tbody>\n<tr>\n<td>\n<table border=\"0\" cellspacing=\"0\" cellpadding=\"0\">\n<tbody>\n<tr>\n<td>Polska anarchia. Audiobook<\/td>\n<\/tr>\n<\/tbody>\n<\/table>\n<\/td>\n<td align=\"right\" nowrap=\"nowrap\" width=\"60\">\n<table cellspacing=\"0\" cellpadding=\"0\">\n<tbody>\n<tr>\n<td nowrap=\"nowrap\"><\/td>\n<\/tr>\n<\/tbody>\n<\/table>\n<\/td>\n<\/tr>\n<tr>\n<td colspan=\"2\" height=\"5\"><\/td>\n<\/tr>\n<tr>\n<td colspan=\"2\" valign=\"top\">\n<table border=\"0\" width=\"100%\" cellspacing=\"0\" cellpadding=\"0\">\n<tbody>\n<tr>\n<td>\n<table border=\"0\" width=\"100%\" cellspacing=\"0\" cellpadding=\"0\">\n<tbody>\n<tr>\n<td>\n<div>Pawe\u0142 Jasienica<\/div>\n<\/td>\n<\/tr>\n<tr>\n<td align=\"left\">\n<div>wydawnictwo:\u00a0<b>Aleksandria<\/b>, rok wydania:\u00a0<b>2019<\/b>, no\u015bnik:\u00a0<b>CD<\/b><\/div>\n<\/td>\n<\/tr>\n<\/tbody>\n<\/table>\n<\/td>\n<\/tr>\n<\/tbody>\n<\/table>\n<\/td>\n<\/tr>\n<\/tbody>\n<\/table>\n<\/td>\n<\/tr>\n<\/tbody>\n<\/table>\n<\/td>\n<\/tr>\n<\/tbody>\n<\/table>\n","protected":false},"featured_media":13683,"comment_status":"open","ping_status":"closed","template":"","meta":[],"class_list":{"0":"post-13681","1":"product","2":"type-product","3":"status-publish","4":"has-post-thumbnail","6":"product_tag-polska-anarchia-audiobook","8":"first","9":"instock","10":"taxable","11":"shipping-taxable","12":"purchasable","13":"product-type-simple"},"jetpack_sharing_enabled":true,"_links":{"self":[{"href":"https:\/\/htb.com.pl\/index.php?rest_route=\/wp\/v2\/product\/13681","targetHints":{"allow":["GET"]}}],"collection":[{"href":"https:\/\/htb.com.pl\/index.php?rest_route=\/wp\/v2\/product"}],"about":[{"href":"https:\/\/htb.com.pl\/index.php?rest_route=\/wp\/v2\/types\/product"}],"replies":[{"embeddable":true,"href":"https:\/\/htb.com.pl\/index.php?rest_route=%2Fwp%2Fv2%2Fcomments&post=13681"}],"wp:featuredmedia":[{"embeddable":true,"href":"https:\/\/htb.com.pl\/index.php?rest_route=\/wp\/v2\/media\/13683"}],"wp:attachment":[{"href":"https:\/\/htb.com.pl\/index.php?rest_route=%2Fwp%2Fv2%2Fmedia&parent=13681"}],"curies":[{"name":"wp","href":"https:\/\/api.w.org\/{rel}","templated":true}]}}

<table border="0" cellspacing="0" cellpadding="0">
<tbody>
<tr>
<td></td>
</tr>
</tbody>
</table>
<table border="0" cellspacing="0" cellpadding="0">
<tbody>
<tr>
<td></td>
<td></td>
<td></td>
</tr>
<tr valign="top">
<td></td>
<td align="left">
<table border="0" width="100%" cellspacing="0" cellpadding="5">
<tbody>
<tr>
<td align="left">
<table cellspacing="0" cellpadding="5">
<tbody>
<tr valign="top">
<td>
<table cellspacing="0" cellpadding="0">
<tbody>
<tr>
<td></td>
<td align="right" nowrap="nowrap" width="60">
<table cellspacing="0" cellpadding="0">
<tbody>
<tr>
<td nowrap="nowrap"></td>
</tr>
</tbody>
</table>
</td>
</tr>
<tr>
<td colspan="2" height="5"></td>
</tr>
<tr>
<td colspan="2" valign="top">
<table border="0" width="100%" cellspacing="0" cellpadding="0">
<tbody>
<tr>
<td>
<div align="justify">Czy warcholstwo i skłonność do anarchii to część polskiego charakteru narodowego? W wydanym pośmiertnie zbiorze esejów Paweł Jasienica polemizuje z tym stereotypem, podtrzymywanym między innymi przez powieści Sienkiewicza. Analizując dzieje Rzeczpospolitej od XVI wieku i przyczyny jej upadku, dowodzi, że „niepraw&#8230;</div>
</td>
</tr>
</tbody>
</table>
</td>
</tr>
</tbody>
</table>
</td>
</tr>
</tbody>
</table>
</td>
</tr>
</tbody>
</table>
</td>
</tr>
</tbody>
</table>

<p>&nbsp;</p>
<table border="0" width="100%" cellspacing="0" cellpadding="5">
<tbody>
<tr>
<td align="left">
<table cellspacing="0" cellpadding="5">
<tbody>
<tr valign="top">
<td>
<table cellspacing="0" cellpadding="0">
<tbody>
<tr>
<td>
<table border="0" cellspacing="0" cellpadding="0">
<tbody>
<tr>
<td>Polska anarchia. Audiobook</td>
</tr>
</tbody>
</table>
</td>
<td align="right" nowrap="nowrap" width="60">
<table cellspacing="0" cellpadding="0">
<tbody>
<tr>
<td nowrap="nowrap"></td>
</tr>
</tbody>
</table>
</td>
</tr>
<tr>
<td colspan="2" height="5"></td>
</tr>
<tr>
<td colspan="2" valign="top">
<table border="0" width="100%" cellspacing="0" cellpadding="0">
<tbody>
<tr>
<td>
<table border="0" width="100%" cellspacing="0" cellpadding="0">
<tbody>
<tr>
<td>
<div>Paweł Jasienica</div>
</td>
</tr>
<tr>
<td align="left">
<div>wydawnictwo: <b>Aleksandria</b>, rok wydania: <b>2019</b>, nośnik: <b>CD</b></div>
</td>
</tr>
</tbody>
</table>
</td>
</tr>
</tbody>
</table>
</td>
</tr>
</tbody>
</table>
</td>
</tr>
</tbody>
</table>
</td>
</tr>
</tbody>
</table>
