{"id":14591,"date":"2019-12-17T08:02:35","date_gmt":"2019-12-17T08:02:35","guid":{"rendered":"https:\/\/htb.com.pl\/?post_type=product&#038;p=14591"},"modified":"2019-12-17T08:02:35","modified_gmt":"2019-12-17T08:02:35","slug":"szczerze","status":"publish","type":"product","link":"https:\/\/htb.com.pl\/?product=szczerze","title":{"rendered":"Szczerze"},"content":{"rendered":"<table cellspacing=\"0\" cellpadding=\"0\">\n<tbody>\n<tr>\n<td><\/td>\n<td align=\"right\" nowrap=\"nowrap\" width=\"60\">\n<table cellspacing=\"0\" cellpadding=\"0\">\n<tbody>\n<tr>\n<td nowrap=\"nowrap\"><\/td>\n<\/tr>\n<\/tbody>\n<\/table>\n<\/td>\n<\/tr>\n<tr>\n<td colspan=\"2\" height=\"5\"><\/td>\n<\/tr>\n<tr>\n<td colspan=\"2\" valign=\"top\">\n<table border=\"0\" width=\"100%\" cellspacing=\"0\" cellpadding=\"0\">\n<tbody>\n<tr>\n<td>\n<div align=\"justify\">To niezwyk\u0142y, osobisty dziennik Przewodnicz\u0105cego Rady Europejskiej. Dzie\u0144 po dniu towarzyszymy jego pierwszym krokom w nowej roli, poznajemy kulisy europejskiej polityki i \u015bledzimy najbardziej dramatyczne wydarzenia ostatnich lat: zamachy terrorystyczne w Pary\u017cu i Brukseli, kryzys uchod\u017aczy, \u015bmier\u0107 prezydenta Gda\u0144ska Paw\u0142a&#8230;<\/div>\n<\/td>\n<\/tr>\n<\/tbody>\n<\/table>\n<\/td>\n<\/tr>\n<\/tbody>\n<\/table>\n","protected":false},"excerpt":{"rendered":"<table cellspacing=\"0\" cellpadding=\"0\">\n<tbody>\n<tr>\n<td>\n<table border=\"0\" cellspacing=\"0\" cellpadding=\"0\">\n<tbody>\n<tr>\n<td><a title=\"Poka\u017c...\" href=\"https:\/\/hurt.bonito.pl\/k-1219246-szczerze\" rel=\"follow\">Sz<\/a>c<a title=\"Poka\u017c...\" href=\"https:\/\/hurt.bonito.pl\/k-1219246-szczerze\" rel=\"follow\">zerze<\/a><\/td>\n<\/tr>\n<\/tbody>\n<\/table>\n<\/td>\n<td align=\"right\" nowrap=\"nowrap\" width=\"60\">\n<table cellspacing=\"0\" cellpadding=\"0\">\n<tbody>\n<tr>\n<td nowrap=\"nowrap\"><\/td>\n<\/tr>\n<\/tbody>\n<\/table>\n<\/td>\n<\/tr>\n<tr>\n<td colspan=\"2\" height=\"5\"><\/td>\n<\/tr>\n<tr>\n<td colspan=\"2\" valign=\"top\">\n<table border=\"0\" width=\"100%\" cellspacing=\"0\" cellpadding=\"0\">\n<tbody>\n<tr>\n<td>\n<table border=\"0\" width=\"100%\" cellspacing=\"0\" cellpadding=\"0\">\n<tbody>\n<tr>\n<td>\n<div>Donald Tusk<\/div>\n<\/td>\n<\/tr>\n<tr>\n<td align=\"left\">\n<div>wydawnictwo:\u00a0<b>Agora<\/b>, rok wydania:\u00a0<b>2019<\/b>, oprawa:\u00a0<b>twarda<\/b><\/div>\n<\/td>\n<\/tr>\n<\/tbody>\n<\/table>\n<\/td>\n<\/tr>\n<\/tbody>\n<\/table>\n<\/td>\n<\/tr>\n<\/tbody>\n<\/table>\n","protected":false},"featured_media":14592,"comment_status":"open","ping_status":"closed","template":"","meta":[],"class_list":{"0":"post-14591","1":"product","2":"type-product","3":"status-publish","4":"has-post-thumbnail","6":"product_cat-ksiazki","7":"product_tag-szczerze","9":"first","10":"instock","11":"taxable","12":"shipping-taxable","13":"purchasable","14":"product-type-simple"},"jetpack_sharing_enabled":true,"_links":{"self":[{"href":"https:\/\/htb.com.pl\/index.php?rest_route=\/wp\/v2\/product\/14591","targetHints":{"allow":["GET"]}}],"collection":[{"href":"https:\/\/htb.com.pl\/index.php?rest_route=\/wp\/v2\/product"}],"about":[{"href":"https:\/\/htb.com.pl\/index.php?rest_route=\/wp\/v2\/types\/product"}],"replies":[{"embeddable":true,"href":"https:\/\/htb.com.pl\/index.php?rest_route=%2Fwp%2Fv2%2Fcomments&post=14591"}],"wp:featuredmedia":[{"embeddable":true,"href":"https:\/\/htb.com.pl\/index.php?rest_route=\/wp\/v2\/media\/14592"}],"wp:attachment":[{"href":"https:\/\/htb.com.pl\/index.php?rest_route=%2Fwp%2Fv2%2Fmedia&parent=14591"}],"curies":[{"name":"wp","href":"https:\/\/api.w.org\/{rel}","templated":true}]}}

<table cellspacing="0" cellpadding="0">
<tbody>
<tr>
<td></td>
<td align="right" nowrap="nowrap" width="60">
<table cellspacing="0" cellpadding="0">
<tbody>
<tr>
<td nowrap="nowrap"></td>
</tr>
</tbody>
</table>
</td>
</tr>
<tr>
<td colspan="2" height="5"></td>
</tr>
<tr>
<td colspan="2" valign="top">
<table border="0" width="100%" cellspacing="0" cellpadding="0">
<tbody>
<tr>
<td>
<div align="justify">To niezwykły, osobisty dziennik Przewodniczącego Rady Europejskiej. Dzień po dniu towarzyszymy jego pierwszym krokom w nowej roli, poznajemy kulisy europejskiej polityki i śledzimy najbardziej dramatyczne wydarzenia ostatnich lat: zamachy terrorystyczne w Paryżu i Brukseli, kryzys uchodźczy, śmierć prezydenta Gdańska Pawła&#8230;</div>
</td>
</tr>
</tbody>
</table>
</td>
</tr>
</tbody>
</table>

<table cellspacing="0" cellpadding="0">
<tbody>
<tr>
<td>
<table border="0" cellspacing="0" cellpadding="0">
<tbody>
<tr>
<td><a title="Pokaż..." href="https://hurt.bonito.pl/k-1219246-szczerze" rel="follow">Sz</a>c<a title="Pokaż..." href="https://hurt.bonito.pl/k-1219246-szczerze" rel="follow">zerze</a></td>
</tr>
</tbody>
</table>
</td>
<td align="right" nowrap="nowrap" width="60">
<table cellspacing="0" cellpadding="0">
<tbody>
<tr>
<td nowrap="nowrap"></td>
</tr>
</tbody>
</table>
</td>
</tr>
<tr>
<td colspan="2" height="5"></td>
</tr>
<tr>
<td colspan="2" valign="top">
<table border="0" width="100%" cellspacing="0" cellpadding="0">
<tbody>
<tr>
<td>
<table border="0" width="100%" cellspacing="0" cellpadding="0">
<tbody>
<tr>
<td>
<div>Donald Tusk</div>
</td>
</tr>
<tr>
<td align="left">
<div>wydawnictwo: <b>Agora</b>, rok wydania: <b>2019</b>, oprawa: <b>twarda</b></div>
</td>
</tr>
</tbody>
</table>
</td>
</tr>
</tbody>
</table>
</td>
</tr>
</tbody>
</table>
