{"id":21476,"date":"2020-04-14T08:40:17","date_gmt":"2020-04-14T08:40:17","guid":{"rendered":"https:\/\/htb.com.pl\/?post_type=product&#038;p=21476"},"modified":"2020-04-14T08:40:17","modified_gmt":"2020-04-14T08:40:17","slug":"maly-ksiaze","status":"publish","type":"product","link":"https:\/\/htb.com.pl\/?product=maly-ksiaze","title":{"rendered":"Ma\u0142y Ksi\u0105\u017c\u0119"},"content":{"rendered":"<table cellspacing=\"0\" cellpadding=\"0\">\n<tbody>\n<tr>\n<td><\/td>\n<td align=\"right\" nowrap=\"nowrap\" width=\"60\">\n<table cellspacing=\"0\" cellpadding=\"0\">\n<tbody>\n<tr>\n<td nowrap=\"nowrap\"><\/td>\n<\/tr>\n<\/tbody>\n<\/table>\n<\/td>\n<\/tr>\n<tr>\n<td colspan=\"2\" height=\"5\"><\/td>\n<\/tr>\n<tr>\n<td colspan=\"2\" valign=\"top\">\n<table border=\"0\" width=\"100%\" cellspacing=\"0\" cellpadding=\"0\">\n<tbody>\n<tr>\n<td>\n<div align=\"justify\">Ksi\u0105\u017cka, bez kt\u00f3rej nie spos\u00f3b sobie wyobrazi\u0107 kanonu literatury dzieci\u0119cej i m\u0142odzie\u017cowej. Ta uniwersalna opowie\u015b\u0107 o przyja\u017ani i odpowiedzialno\u015bci ju\u017c od pokole\u0144 wzrusza czytelnik\u00f3w na ca\u0142ym \u015bwiecie. Ksi\u0105\u017cka z ilustracjami Autora.<\/div>\n<\/td>\n<\/tr>\n<\/tbody>\n<\/table>\n<\/td>\n<\/tr>\n<\/tbody>\n<\/table>\n","protected":false},"excerpt":{"rendered":"<table cellspacing=\"0\" cellpadding=\"0\">\n<tbody>\n<tr>\n<td>\n<table border=\"0\" cellspacing=\"0\" cellpadding=\"0\">\n<tbody>\n<tr>\n<td>Ma\u0142y Ksi\u0105\u017c\u0119<\/td>\n<\/tr>\n<\/tbody>\n<\/table>\n<\/td>\n<td align=\"right\" nowrap=\"nowrap\" width=\"60\">\n<table cellspacing=\"0\" cellpadding=\"0\">\n<tbody>\n<tr>\n<td nowrap=\"nowrap\"><\/td>\n<\/tr>\n<\/tbody>\n<\/table>\n<\/td>\n<\/tr>\n<tr>\n<td colspan=\"2\" height=\"5\"><\/td>\n<\/tr>\n<tr>\n<td colspan=\"2\" valign=\"top\">\n<table border=\"0\" width=\"100%\" cellspacing=\"0\" cellpadding=\"0\">\n<tbody>\n<tr>\n<td>\n<table border=\"0\" width=\"100%\" cellspacing=\"0\" cellpadding=\"0\">\n<tbody>\n<tr>\n<td>\n<div>Antoine de Saint-Exupery<\/div>\n<\/td>\n<\/tr>\n<tr>\n<td align=\"left\">\n<div>wydawnictwo:\u00a0<b>Olesiejuk Sp. z o.o.<\/b>, rok wydania:\u00a0<b>2016<\/b>, oprawa:\u00a0<b>twarda<\/b><\/div>\n<\/td>\n<\/tr>\n<\/tbody>\n<\/table>\n<\/td>\n<\/tr>\n<\/tbody>\n<\/table>\n<\/td>\n<\/tr>\n<\/tbody>\n<\/table>\n","protected":false},"featured_media":407,"comment_status":"open","ping_status":"closed","template":"","meta":[],"class_list":{"0":"post-21476","1":"product","2":"type-product","3":"status-publish","4":"has-post-thumbnail","6":"product_cat-ksiazki","7":"product_tag-maly-ksiaze","9":"first","10":"instock","11":"taxable","12":"shipping-taxable","13":"purchasable","14":"product-type-simple"},"jetpack_sharing_enabled":true,"_links":{"self":[{"href":"https:\/\/htb.com.pl\/index.php?rest_route=\/wp\/v2\/product\/21476","targetHints":{"allow":["GET"]}}],"collection":[{"href":"https:\/\/htb.com.pl\/index.php?rest_route=\/wp\/v2\/product"}],"about":[{"href":"https:\/\/htb.com.pl\/index.php?rest_route=\/wp\/v2\/types\/product"}],"replies":[{"embeddable":true,"href":"https:\/\/htb.com.pl\/index.php?rest_route=%2Fwp%2Fv2%2Fcomments&post=21476"}],"wp:featuredmedia":[{"embeddable":true,"href":"https:\/\/htb.com.pl\/index.php?rest_route=\/wp\/v2\/media\/407"}],"wp:attachment":[{"href":"https:\/\/htb.com.pl\/index.php?rest_route=%2Fwp%2Fv2%2Fmedia&parent=21476"}],"curies":[{"name":"wp","href":"https:\/\/api.w.org\/{rel}","templated":true}]}}

Mały Książę

<table cellspacing="0" cellpadding="0">
<tbody>
<tr>
<td></td>
<td align="right" nowrap="nowrap" width="60">
<table cellspacing="0" cellpadding="0">
<tbody>
<tr>
<td nowrap="nowrap"></td>
</tr>
</tbody>
</table>
</td>
</tr>
<tr>
<td colspan="2" height="5"></td>
</tr>
<tr>
<td colspan="2" valign="top">
<table border="0" width="100%" cellspacing="0" cellpadding="0">
<tbody>
<tr>
<td>
<div align="justify">Książka, bez której nie sposób sobie wyobrazić kanonu literatury dziecięcej i młodzieżowej. Ta uniwersalna opowieść o przyjaźni i odpowiedzialności już od pokoleń wzrusza czytelników na całym świecie. Książka z ilustracjami Autora.</div>
</td>
</tr>
</tbody>
</table>
</td>
</tr>
</tbody>
</table>

<table cellspacing="0" cellpadding="0">
<tbody>
<tr>
<td>
<table border="0" cellspacing="0" cellpadding="0">
<tbody>
<tr>
<td>Mały Książę</td>
</tr>
</tbody>
</table>
</td>
<td align="right" nowrap="nowrap" width="60">
<table cellspacing="0" cellpadding="0">
<tbody>
<tr>
<td nowrap="nowrap"></td>
</tr>
</tbody>
</table>
</td>
</tr>
<tr>
<td colspan="2" height="5"></td>
</tr>
<tr>
<td colspan="2" valign="top">
<table border="0" width="100%" cellspacing="0" cellpadding="0">
<tbody>
<tr>
<td>
<table border="0" width="100%" cellspacing="0" cellpadding="0">
<tbody>
<tr>
<td>
<div>Antoine de Saint-Exupery</div>
</td>
</tr>
<tr>
<td align="left">
<div>wydawnictwo: <b>Olesiejuk Sp. z o.o.</b>, rok wydania: <b>2016</b>, oprawa: <b>twarda</b></div>
</td>
</tr>
</tbody>
</table>
</td>
</tr>
</tbody>
</table>
</td>
</tr>
</tbody>
</table>
