{"id":3768,"date":"2019-06-06T12:35:01","date_gmt":"2019-06-06T12:35:01","guid":{"rendered":"https:\/\/htb.com.pl\/?post_type=product&#038;p=3768"},"modified":"2024-03-05T14:23:20","modified_gmt":"2024-03-05T14:23:20","slug":"meska-woda-toaletowa-india","status":"publish","type":"product","link":"https:\/\/htb.com.pl\/?product=meska-woda-toaletowa-india","title":{"rendered":"M\u0119ska woda toaletowa India"},"content":{"rendered":"<p>Woda India\u00a0<strong>utrzymuje si\u0119 na sk\u00f3rze i ubraniach przez wiele godzin<\/strong>\u00a0po u\u017cyciu, pozwalaj\u0105c powoli uwalnia\u0107 si\u0119 kolejnym nutom z kompozycji zapachowej \u2013 nad kt\u00f3rymi wci\u0105\u017c subtelnie g\u00f3ruje\u00a0<strong>zapach konopi<\/strong>.<br \/>\nCi\u0119\u017ckie, drzewne nuty mieszaj\u0105 si\u0119 tu z l\u017cejszymi, jak np. tropikalny zapach imbiru \u2013 dzi\u0119ki czemu wod\u0119 India charakteryzuje naturalny zapach.<br \/>\nWoda toaletowa India to\u00a0<strong>doskona\u0142y wyb\u00f3r<\/strong>\u00a0lub<strong>\u00a0pomys\u0142 na prezent dla m\u0119\u017cczyzny<\/strong>, dla kt\u00f3rego licz\u0105 si\u0119\u00a0<strong>pewno\u015b\u0107 siebie<\/strong>, stanowczo\u015b\u0107 i poczucie si\u0142y, jak r\u00f3wnie\u017c kontakt z natur\u0105. To zapach, wobec kt\u00f3rego kobiety nie przechodz\u0105 oboj\u0119tnie.<\/p>\n<p>Po\u015br\u00f3d nut zapachowych obecnych w wodzie toaletowej India, wyr\u00f3\u017cni\u0107 mo\u017cna:<br \/>\n\u2713 Korzenie imbiru<br \/>\n\u2713 Kminek<br \/>\n\u2713 Zio\u0142a<br \/>\n\u2713 Kadzid\u0142o<br \/>\n\u2713 Konopie<br \/>\n\u2713 Arcydzi\u0119giel<br \/>\n\u2713 Drewno cedrowe<br \/>\n\u2713 Paczula<br \/>\n\u2713 Sk\u00f3ra<\/p>\n<p>Pojemno\u015b\u0107: 100 ml<\/p>\n","protected":false},"excerpt":{"rendered":"<p><img loading=\"lazy\" decoding=\"async\" class=\"alignnone size-full wp-image-44980\" src=\"https:\/\/htb.com.pl\/wp-content\/uploads\/2019\/06\/Tel-ma\u0142y.jpg\" alt=\"\" width=\"97\" height=\"100\" \/> (+48) 519652500<\/p>\n<h1><a href=\"https:\/\/www.indiacosmetics.pl\/p\/woda-toaletowa-meska-z-nuta-konopi-100-ml,39\">TU ZAMAWIAMY<\/a><\/h1>\n<p>K<strong>oszyk to towar z wyprzeda\u017cy<\/strong><\/p>\n","protected":false},"featured_media":3769,"comment_status":"open","ping_status":"closed","template":"","meta":[],"class_list":{"0":"post-3768","1":"product","2":"type-product","3":"status-publish","4":"has-post-thumbnail","6":"product_tag-meska-woda-toaletowa-india","8":"first","9":"instock","10":"taxable","11":"shipping-taxable","12":"purchasable","13":"product-type-simple"},"jetpack_sharing_enabled":true,"_links":{"self":[{"href":"https:\/\/htb.com.pl\/index.php?rest_route=\/wp\/v2\/product\/3768","targetHints":{"allow":["GET"]}}],"collection":[{"href":"https:\/\/htb.com.pl\/index.php?rest_route=\/wp\/v2\/product"}],"about":[{"href":"https:\/\/htb.com.pl\/index.php?rest_route=\/wp\/v2\/types\/product"}],"replies":[{"embeddable":true,"href":"https:\/\/htb.com.pl\/index.php?rest_route=%2Fwp%2Fv2%2Fcomments&post=3768"}],"wp:featuredmedia":[{"embeddable":true,"href":"https:\/\/htb.com.pl\/index.php?rest_route=\/wp\/v2\/media\/3769"}],"wp:attachment":[{"href":"https:\/\/htb.com.pl\/index.php?rest_route=%2Fwp%2Fv2%2Fmedia&parent=3768"}],"curies":[{"name":"wp","href":"https:\/\/api.w.org\/{rel}","templated":true}]}}