{"id":4766,"date":"2019-06-28T10:18:40","date_gmt":"2019-06-28T10:18:40","guid":{"rendered":"https:\/\/htb.com.pl\/?post_type=product&#038;p=4766"},"modified":"2023-01-02T08:57:56","modified_gmt":"2023-01-02T08:57:56","slug":"czarnobyl-instrukcje-przetrwania","status":"publish","type":"product","link":"https:\/\/htb.com.pl\/?product=czarnobyl-instrukcje-przetrwania","title":{"rendered":"Czarnobyl. Instrukcje przetrwania"},"content":{"rendered":"<div align=\"justify\">\n<audio class=\"wp-audio-shortcode\" id=\"audio-4766-1\" preload=\"none\" style=\"width: 100%;\" controls=\"controls\"><source type=\"audio\/mpeg\" src=\"https:\/\/htb.com.pl\/wp-content\/uploads\/2021\/01\/Kate-Brown-Czarnobyl.-Instrukcje-przetrwania.mp3?_=1\" \/><a href=\"https:\/\/htb.com.pl\/wp-content\/uploads\/2021\/01\/Kate-Brown-Czarnobyl.-Instrukcje-przetrwania.mp3\">https:\/\/htb.com.pl\/wp-content\/uploads\/2021\/01\/Kate-Brown-Czarnobyl.-Instrukcje-przetrwania.mp3<\/a><\/audio>\n<p>26 kwietnia 1986 roku w Czarnobylu mia\u0142a miejsce najwi\u0119ksza w dziejach katastrofa elektrowni j\u0105drowej. Natychmiast rozpocz\u0119\u0142a si\u0119 gigantyczna akcja ratunkowa, a przez kolejne miesi\u0105ce lekarze i niekt\u00f3rzy dzia\u0142acze partyjni z ogromnym po\u015bwi\u0119ceniem walczyli o to, by zminimalizowa\u0107 wp\u0142yw eksplozji na zdrowie ludno\u015bci zamiesz&#8230;<\/p>\n<\/div>\n","protected":false},"excerpt":{"rendered":"<table cellspacing=\"0\" cellpadding=\"0\">\n<tbody>\n<tr>\n<td>\n<table border=\"0\" cellspacing=\"0\" cellpadding=\"0\">\n<tbody>\n<tr>\n<td>Czarnobyl. Instrukcje przetrwania<\/td>\n<\/tr>\n<\/tbody>\n<\/table>\n<\/td>\n<td align=\"right\" nowrap=\"nowrap\" width=\"60\">\n<table cellspacing=\"0\" cellpadding=\"0\">\n<tbody>\n<tr>\n<td nowrap=\"nowrap\"><\/td>\n<\/tr>\n<\/tbody>\n<\/table>\n<\/td>\n<\/tr>\n<tr>\n<td colspan=\"2\" height=\"5\"><\/td>\n<\/tr>\n<tr>\n<td colspan=\"2\" valign=\"top\">\n<table border=\"0\" width=\"100%\" cellspacing=\"0\" cellpadding=\"0\">\n<tbody>\n<tr>\n<td>\n<table border=\"0\" width=\"100%\" cellspacing=\"0\" cellpadding=\"0\">\n<tbody>\n<tr>\n<td>\n<div>Kate Brown<\/div>\n<\/td>\n<\/tr>\n<tr>\n<td align=\"left\">\n<div>wydawnictwo:\u00a0<b>Czarne<\/b>, rok wydania:\u00a0<b>2019<\/b>, oprawa:\u00a0<b>twarda<\/b><\/div>\n<\/td>\n<\/tr>\n<\/tbody>\n<\/table>\n<\/td>\n<\/tr>\n<\/tbody>\n<\/table>\n<\/td>\n<\/tr>\n<\/tbody>\n<\/table>\n","protected":false},"featured_media":4767,"comment_status":"open","ping_status":"closed","template":"","meta":[],"class_list":{"0":"post-4766","1":"product","2":"type-product","3":"status-publish","4":"has-post-thumbnail","6":"product_cat-ksiazki","7":"product_tag-czarnobyl-instrukcje-przetrwania","8":"product_tag-kate-brown","10":"first","11":"instock","12":"taxable","13":"shipping-taxable","14":"purchasable","15":"product-type-simple"},"jetpack_sharing_enabled":true,"_links":{"self":[{"href":"https:\/\/htb.com.pl\/index.php?rest_route=\/wp\/v2\/product\/4766","targetHints":{"allow":["GET"]}}],"collection":[{"href":"https:\/\/htb.com.pl\/index.php?rest_route=\/wp\/v2\/product"}],"about":[{"href":"https:\/\/htb.com.pl\/index.php?rest_route=\/wp\/v2\/types\/product"}],"replies":[{"embeddable":true,"href":"https:\/\/htb.com.pl\/index.php?rest_route=%2Fwp%2Fv2%2Fcomments&post=4766"}],"wp:featuredmedia":[{"embeddable":true,"href":"https:\/\/htb.com.pl\/index.php?rest_route=\/wp\/v2\/media\/4767"}],"wp:attachment":[{"href":"https:\/\/htb.com.pl\/index.php?rest_route=%2Fwp%2Fv2%2Fmedia&parent=4766"}],"curies":[{"name":"wp","href":"https:\/\/api.w.org\/{rel}","templated":true}]}}