{"id":502,"date":"2018-05-26T14:49:52","date_gmt":"2018-05-26T14:49:52","guid":{"rendered":"https:\/\/htb.com.pl\/?post_type=product&#038;p=502"},"modified":"2018-06-01T11:26:56","modified_gmt":"2018-06-01T11:26:56","slug":"lokomotywa","status":"publish","type":"product","link":"https:\/\/htb.com.pl\/?product=lokomotywa","title":{"rendered":"Lokomotywa"},"content":{"rendered":"<table cellspacing=\"0\" cellpadding=\"0\">\n<tbody>\n<tr>\n<td><\/td>\n<td align=\"right\" nowrap=\"nowrap\" width=\"60\"><\/td>\n<\/tr>\n<tr>\n<td colspan=\"2\" height=\"5\"><\/td>\n<\/tr>\n<tr>\n<td colspan=\"2\" valign=\"top\">\n<table border=\"0\" width=\"100%\" cellspacing=\"0\" cellpadding=\"0\">\n<tbody>\n<tr>\n<td>\n<table border=\"0\" width=\"100%\" cellspacing=\"0\" cellpadding=\"0\">\n<tbody>\n<tr>\n<td align=\"left\">\n<div>Wydawnictwo:\u00a0<b>G&amp;P Oficyna Wydawnicza<\/b>, rok wydania:\u00a0<b>2007<\/b>, oprawa:\u00a0<b>ksi\u0105\u017cka ca\u0142okartonowa<\/b><\/div>\n<\/td>\n<\/tr>\n<\/tbody>\n<\/table>\n<div align=\"justify\">Ksi\u0105\u017ceczka zawiera pe\u0142en tekst arcydzie\u0142a poezji dla dzieci z dynamicznym opisem stoj\u0105cej lokomotywy i ruszaj\u0105cego, a nast\u0119pnie p\u0119dz\u0105cego poci\u0105gu. Poeta odtworzy\u0142 po mistrzowsku elementy ruchu i wra\u017cenia d\u017awi\u0119kowe. Wykorzystano ilustracje Jana Marcina Szancera. Ksi\u0105\u017cka rozk\u0142ada si\u0119 jak harmonijka.<\/div>\n<\/td>\n<\/tr>\n<\/tbody>\n<\/table>\n<\/td>\n<\/tr>\n<\/tbody>\n<\/table>\n","protected":false},"excerpt":{"rendered":"<table cellspacing=\"0\" cellpadding=\"0\">\n<tbody>\n<tr>\n<td>\n<table border=\"0\" cellspacing=\"0\" cellpadding=\"0\">\n<tbody>\n<tr>\n<td>Lokomotywa<\/td>\n<\/tr>\n<\/tbody>\n<\/table>\n<\/td>\n<td align=\"right\" nowrap=\"nowrap\" width=\"60\"><\/td>\n<\/tr>\n<tr>\n<td colspan=\"2\" height=\"5\"><\/td>\n<\/tr>\n<tr>\n<td colspan=\"2\" valign=\"top\">\n<table border=\"0\" width=\"100%\" cellspacing=\"0\" cellpadding=\"0\">\n<tbody>\n<tr>\n<td>\n<table border=\"0\" width=\"100%\" cellspacing=\"0\" cellpadding=\"0\">\n<tbody>\n<tr>\n<td>\n<div>Julian Tuwim<\/div>\n<\/td>\n<\/tr>\n<tr>\n<td align=\"left\">\u00a0<a href=\"https:\/\/htb.com.pl\/?page_id=367\"><strong>Pos\u0142uchaj Kup Przeczytaj<\/strong><\/a><\/td>\n<\/tr>\n<\/tbody>\n<\/table>\n<div align=\"justify\"><\/div>\n<\/td>\n<\/tr>\n<\/tbody>\n<\/table>\n<\/td>\n<\/tr>\n<\/tbody>\n<\/table>\n","protected":false},"featured_media":503,"comment_status":"open","ping_status":"closed","template":"","meta":[],"class_list":{"0":"post-502","1":"product","2":"type-product","3":"status-publish","4":"has-post-thumbnail","6":"product_cat-ksiazki","7":"product_tag-julian-tuwim","8":"product_tag-lokomotywa","10":"first","11":"instock","12":"taxable","13":"shipping-taxable","14":"purchasable","15":"product-type-simple"},"jetpack_sharing_enabled":true,"_links":{"self":[{"href":"https:\/\/htb.com.pl\/index.php?rest_route=\/wp\/v2\/product\/502","targetHints":{"allow":["GET"]}}],"collection":[{"href":"https:\/\/htb.com.pl\/index.php?rest_route=\/wp\/v2\/product"}],"about":[{"href":"https:\/\/htb.com.pl\/index.php?rest_route=\/wp\/v2\/types\/product"}],"replies":[{"embeddable":true,"href":"https:\/\/htb.com.pl\/index.php?rest_route=%2Fwp%2Fv2%2Fcomments&post=502"}],"wp:featuredmedia":[{"embeddable":true,"href":"https:\/\/htb.com.pl\/index.php?rest_route=\/wp\/v2\/media\/503"}],"wp:attachment":[{"href":"https:\/\/htb.com.pl\/index.php?rest_route=%2Fwp%2Fv2%2Fmedia&parent=502"}],"curies":[{"name":"wp","href":"https:\/\/api.w.org\/{rel}","templated":true}]}}