{"id":68398,"date":"2022-06-03T09:23:32","date_gmt":"2022-06-03T09:23:32","guid":{"rendered":"https:\/\/htb.com.pl\/?post_type=product&#038;p=68398"},"modified":"2022-06-03T12:04:36","modified_gmt":"2022-06-03T12:04:36","slug":"jelonek-cd","status":"publish","type":"product","link":"https:\/\/htb.com.pl\/?product=jelonek-cd","title":{"rendered":"Jelonek, CD"},"content":{"rendered":"<table border=\"0\" cellspacing=\"0\" cellpadding=\"2\">\n<tbody>\n<tr>\n<td nowrap=\"nowrap\">Wykonawca:<\/td>\n<td><a title=\"Jelonek - poka\u017c wszystkie pozycje tego wykonawcy\" href=\"https:\/\/classic.bonito.pl\/autor\/jelonek\/0\">Jelonek<\/a><\/td>\n<\/tr>\n<tr>\n<td nowrap=\"nowrap\">Dystrybutor:<\/td>\n<td><a title=\"Poka\u017c wszystkie produkty od tego dystrybutora\" href=\"https:\/\/classic.bonito.pl\/wydawnictwo\/mystic+production\/0\">Mystic Production<\/a><\/td>\n<\/tr>\n<tr>\n<td nowrap=\"nowrap\">Rok wydania:<\/td>\n<td><b>2007<\/b><\/td>\n<\/tr>\n<tr>\n<td nowrap=\"nowrap\">No\u015bnik:<\/td>\n<td><b>CD<\/b><\/td>\n<\/tr>\n<tr>\n<td nowrap=\"nowrap\">Format:<\/td>\n<td><b>audio<\/b><\/td>\n<\/tr>\n<tr>\n<td nowrap=\"nowrap\">Opakowanie:<\/td>\n<td><b>digipack<\/b><\/td>\n<\/tr>\n<\/tbody>\n<\/table>\n","protected":false},"excerpt":{"rendered":"<p><img loading=\"lazy\" decoding=\"async\" class=\"alignnone size-full wp-image-44980\" src=\"https:\/\/htb.com.pl\/wp-content\/uploads\/2019\/06\/Tel-ma\u0142y.jpg\" alt=\"\" width=\"97\" height=\"100\" \/> (+48) 519652500<\/p>\n<p>Micha\u0142 Jelonek i jego niezwyk\u0142a muzyka. Pos\u0142uchaj fragmentu p\u0142yty<\/p>\n[audio mp3=\"https:\/\/htb.com.pl\/wp-content\/uploads\/2022\/06\/michal-jelonek-barock.mp3\"][\/audio]\n<p>&nbsp;<\/p>\n","protected":false},"featured_media":68400,"comment_status":"open","ping_status":"closed","template":"","meta":[],"class_list":{"0":"post-68398","1":"product","2":"type-product","3":"status-publish","4":"has-post-thumbnail","6":"product_tag-cd","7":"product_tag-jelonek","9":"first","10":"instock","11":"sale","12":"taxable","13":"shipping-taxable","14":"purchasable","15":"product-type-simple"},"jetpack_sharing_enabled":true,"_links":{"self":[{"href":"https:\/\/htb.com.pl\/index.php?rest_route=\/wp\/v2\/product\/68398","targetHints":{"allow":["GET"]}}],"collection":[{"href":"https:\/\/htb.com.pl\/index.php?rest_route=\/wp\/v2\/product"}],"about":[{"href":"https:\/\/htb.com.pl\/index.php?rest_route=\/wp\/v2\/types\/product"}],"replies":[{"embeddable":true,"href":"https:\/\/htb.com.pl\/index.php?rest_route=%2Fwp%2Fv2%2Fcomments&post=68398"}],"wp:featuredmedia":[{"embeddable":true,"href":"https:\/\/htb.com.pl\/index.php?rest_route=\/wp\/v2\/media\/68400"}],"wp:attachment":[{"href":"https:\/\/htb.com.pl\/index.php?rest_route=%2Fwp%2Fv2%2Fmedia&parent=68398"}],"curies":[{"name":"wp","href":"https:\/\/api.w.org\/{rel}","templated":true}]}}