{"id":79158,"date":"2023-01-06T08:33:30","date_gmt":"2023-01-06T08:33:30","guid":{"rendered":"https:\/\/htb.com.pl\/?post_type=product&#038;p=79158"},"modified":"2023-01-08T15:24:33","modified_gmt":"2023-01-08T15:24:33","slug":"zestaw-domowe-spa","status":"publish","type":"product","link":"https:\/\/htb.com.pl\/?product=zestaw-domowe-spa","title":{"rendered":"Zestaw Domowe SPA"},"content":{"rendered":"<h1>DOMOWE SPA &#8211; CHWILA RELAKSU W DOMOWYM ZACISZU<\/h1>\n<p>Marzysz o chwili relaksu? W naszym zestawie Spa znajdziesz najpotrzebniejsze kosmetyki konopne, kt\u00f3re zregeneruj\u0105 i nawil\u017c\u0105 Twoj\u0105 sk\u00f3r\u0119.<\/p>\n<h2>ZESTAW DOMOWE SPA<\/h2>\n<p>Spraw przyjemno\u015b\u0107 sobie lub bliskiej Ci osobie. Mo\u017cemy wys\u0142a\u0107 gotowy prezent Spa na adres, kt\u00f3ry podasz w zam\u00f3wieniu.<br \/>\nKosmetyki w zestawie Spa s\u0105 pakowane w ekologiczny kartonik. W sam raz na prezent!<\/p>\n<p>Zestaw Domowe SPA to trzy naturalne kosmetyki konopne:<\/p>\n<ul>\n<li>Naturalny peeling kokosowy, 250 ml &#8211;<a title=\"peeling konopny\" href=\"https:\/\/www.indiacosmetics.pl\/p\/naturalny-peeling-kokosowy-250-ml,227\">\u00a0TUTAJ<\/a><\/li>\n<li>Naturalna maseczka regeneruj\u0105ca z CBD, 100 ml &#8211;\u00a0<a title=\"kosmetyki z cbd\" href=\"https:\/\/www.indiacosmetics.pl\/p\/naturalna-maseczka-regenerujaca-100-ml,11\">TUTAJ<\/a><\/li>\n<li>Konopny olejek cytrusowy do masa\u017cu, 100 ml &#8211;<a title=\"olejek do masa\u017cu\" href=\"https:\/\/www.indiacosmetics.pl\/p\/olejek-do-masazu-cytrusowy-100-ml,172\">\u00a0TUTAJ<\/a><\/li>\n<\/ul>\n<p>&nbsp;<\/p>\n","protected":false},"excerpt":{"rendered":"<p><img loading=\"lazy\" decoding=\"async\" class=\"alignnone size-full wp-image-44980\" src=\"https:\/\/htb.com.pl\/wp-content\/uploads\/2019\/06\/Tel-ma\u0142y.jpg\" alt=\"\" width=\"97\" height=\"100\" \/> (+48) 519652500<\/p>\n<h1><span class=\"title\">Zestaw Domowe SPA<\/span><\/h1>\n","protected":false},"featured_media":79159,"comment_status":"open","ping_status":"closed","template":"","meta":[],"class_list":{"0":"post-79158","1":"product","2":"type-product","3":"status-publish","4":"has-post-thumbnail","6":"product_tag-zestaw-domowe-spa","8":"first","9":"instock","10":"taxable","11":"shipping-taxable","12":"purchasable","13":"product-type-simple"},"jetpack_sharing_enabled":true,"_links":{"self":[{"href":"https:\/\/htb.com.pl\/index.php?rest_route=\/wp\/v2\/product\/79158","targetHints":{"allow":["GET"]}}],"collection":[{"href":"https:\/\/htb.com.pl\/index.php?rest_route=\/wp\/v2\/product"}],"about":[{"href":"https:\/\/htb.com.pl\/index.php?rest_route=\/wp\/v2\/types\/product"}],"replies":[{"embeddable":true,"href":"https:\/\/htb.com.pl\/index.php?rest_route=%2Fwp%2Fv2%2Fcomments&post=79158"}],"wp:featuredmedia":[{"embeddable":true,"href":"https:\/\/htb.com.pl\/index.php?rest_route=\/wp\/v2\/media\/79159"}],"wp:attachment":[{"href":"https:\/\/htb.com.pl\/index.php?rest_route=%2Fwp%2Fv2%2Fmedia&parent=79158"}],"curies":[{"name":"wp","href":"https:\/\/api.w.org\/{rel}","templated":true}]}}