{"id":85168,"date":"2023-05-09T11:01:13","date_gmt":"2023-05-09T11:01:13","guid":{"rendered":"https:\/\/htb.com.pl\/?post_type=product&#038;p=85168"},"modified":"2023-05-09T11:01:13","modified_gmt":"2023-05-09T11:01:13","slug":"cbd-medyczne-konopie","status":"publish","type":"product","link":"https:\/\/htb.com.pl\/?product=cbd-medyczne-konopie","title":{"rendered":"CBD Medyczne konopie"},"content":{"rendered":"<p>Najprawdopodobniej zmagacie si\u0119 z jakimi\u015b problemami natury zdrowotnej. Szukacie sposobu wyeliminowania m\u0119cz\u0105cych Was dolegliwo\u015bci \u2013 oboj\u0119tnie, czy jest to przewlek\u0142y b\u00f3l, stany l\u0119kowe, bezsenno\u015b\u0107 czy inne schorzenia. Pr\u00f3bowali\u015bcie konwencjonalnych lek\u00f3w, te jednak zawiod\u0142y. By\u0107 mo\u017ce nawet zastanawiali\u015bcie si\u0119 nad u\u017c&#8230;<\/p>\n","protected":false},"excerpt":{"rendered":"<p><img loading=\"lazy\" decoding=\"async\" class=\"alignnone size-full wp-image-44980\" src=\"https:\/\/htb.com.pl\/wp-content\/uploads\/2019\/06\/Tel-ma\u0142y.jpg\" alt=\"\" width=\"97\" height=\"100\" \/> (+48) 519652500<\/p>\n<table cellspacing=\"0\" cellpadding=\"0\">\n<tbody>\n<tr>\n<td>\n<table border=\"0\" cellspacing=\"0\" cellpadding=\"0\">\n<tbody>\n<tr>\n<td><a title=\"Poka\u017c...\" href=\"https:\/\/hurt.bonito.pl\/k-304056465-cbd-medyczne-konopie\" rel=\"follow\"><span>CBD Medyczne konopie<\/span><\/a><\/td>\n<\/tr>\n<\/tbody>\n<\/table>\n<\/td>\n<td align=\"right\" nowrap=\"nowrap\" width=\"60\">\n<table cellspacing=\"0\" cellpadding=\"0\">\n<tbody>\n<tr>\n<td nowrap=\"nowrap\"><\/td>\n<\/tr>\n<\/tbody>\n<\/table>\n<\/td>\n<\/tr>\n<tr>\n<td colspan=\"2\" height=\"5\"><\/td>\n<\/tr>\n<tr>\n<td colspan=\"2\" valign=\"top\">\n<table border=\"0\" width=\"100%\" cellspacing=\"0\" cellpadding=\"0\">\n<tbody>\n<tr>\n<td>\n<table border=\"0\" width=\"100%\" cellspacing=\"0\" cellpadding=\"0\">\n<tbody>\n<tr>\n<td>\n<div><a title=\"Rachna Patel - poka\u017c wszystkie pozycje tego autora\" href=\"https:\/\/hurt.bonito.pl\/autor\/rachna+patel\/0\">Rachna Patel<\/a><\/div>\n<\/td>\n<\/tr>\n<tr>\n<td align=\"left\">\n<div>wydawnictwo:\u00a0<a title=\"poka\u017c wszystkie ksi\u0105\u017cki tego wydawnictwa\" href=\"https:\/\/hurt.bonito.pl\/wydawnictwo\/bellona\/0\"><b>Bellona<\/b><\/a>, rok wydania:\u00a0<b>2021<\/b><\/div>\n<\/td>\n<\/tr>\n<\/tbody>\n<\/table>\n<\/td>\n<\/tr>\n<\/tbody>\n<\/table>\n<\/td>\n<\/tr>\n<\/tbody>\n<\/table>\n","protected":false},"featured_media":85169,"comment_status":"open","ping_status":"closed","template":"","meta":[],"class_list":{"0":"post-85168","1":"product","2":"type-product","3":"status-publish","4":"has-post-thumbnail","6":"product_cat-ksiazki","7":"product_tag-cbd-medyczne-konopie","9":"first","10":"instock","11":"taxable","12":"shipping-taxable","13":"purchasable","14":"product-type-simple"},"jetpack_sharing_enabled":true,"_links":{"self":[{"href":"https:\/\/htb.com.pl\/index.php?rest_route=\/wp\/v2\/product\/85168","targetHints":{"allow":["GET"]}}],"collection":[{"href":"https:\/\/htb.com.pl\/index.php?rest_route=\/wp\/v2\/product"}],"about":[{"href":"https:\/\/htb.com.pl\/index.php?rest_route=\/wp\/v2\/types\/product"}],"replies":[{"embeddable":true,"href":"https:\/\/htb.com.pl\/index.php?rest_route=%2Fwp%2Fv2%2Fcomments&post=85168"}],"wp:featuredmedia":[{"embeddable":true,"href":"https:\/\/htb.com.pl\/index.php?rest_route=\/wp\/v2\/media\/85169"}],"wp:attachment":[{"href":"https:\/\/htb.com.pl\/index.php?rest_route=%2Fwp%2Fv2%2Fmedia&parent=85168"}],"curies":[{"name":"wp","href":"https:\/\/api.w.org\/{rel}","templated":true}]}}