{"id":91547,"date":"2023-09-13T08:25:09","date_gmt":"2023-09-13T08:25:09","guid":{"rendered":"https:\/\/htb.com.pl\/?post_type=product&#038;p=91547"},"modified":"2023-09-15T07:14:55","modified_gmt":"2023-09-15T07:14:55","slug":"fenix-mini-przenosny-waporyzator-do-suszu","status":"publish","type":"product","link":"https:\/\/htb.com.pl\/?product=fenix-mini-przenosny-waporyzator-do-suszu","title":{"rendered":"Fenix MINI &#8211; Przeno\u015bny waporyzator do suszu"},"content":{"rendered":"<div class=\"tab-container\">\n<div class=\"product-tabs\">\n<div class=\"product-tab\" data-tab=\"box_description\">\n<div class=\"innerbox\">\n<div class=\"resetcss\">\n<h1>FENIX Mini<\/h1>\n<p>&nbsp;<\/p>\n<p>&nbsp;<\/p>\n<p><strong>Cechy:<\/strong><\/p>\n<ul>\n<li>Komora grzewcza z wysokiej jako\u015bci aluminium<\/li>\n<li>Wymiary: 5 x 8 x 2,5 cm<\/li>\n<li>Nagrzewa si\u0119 w 30 s<\/li>\n<li>Zakres temperatury w obr\u0119bie 160-221 \u00b0C<\/li>\n<li>Akumulator 1600 mAh<\/li>\n<li>\u0141adowany przez port micro USB<\/li>\n<\/ul>\n<p><strong>W zestawie:<\/strong><\/p>\n<ul>\n<li>Fenix Mini &#8211; 1 sztuka<\/li>\n<li>przew\u00f3d USB &#8211; 1 sztuka<\/li>\n<li>szczoteczka czyszcz\u0105ca \u2013 1 sztuka<\/li>\n<li>mieszade\u0142ko \u2013 1 sztuka<\/li>\n<li>p\u0119seta \u2013 1 sztuka<\/li>\n<li>instrukcja obs\u0142ugi<\/li>\n<\/ul>\n<p><strong>Instrukcja u\u017cytkowania waporyzatora Fenix Mini:<\/strong><\/p>\n<p>1) Przed rozpocz\u0119ciem inhalacji, nale\u017cy odchyli\u0107 cz\u0119\u015b\u0107 z ustnikiem, kt\u00f3ra dzia\u0142a na zatrzask. Tam znajduje si\u0119 komora grzewcza wykonana z nierdzewnej stali.<\/p>\n<p>2) Do komory nale\u017cy w\u0142o\u017cy\u0107 odpowiedniej grubo\u015bci zmielony susz, aby uzyska\u0107 dobry przep\u0142yw powietrza.<\/p>\n<p>3) Waporyzator uruchamia si\u0119 5-krotnym naci\u015bni\u0119ciem przycisku zasilania. Ekran wy\u015bwietli powitanie, a nast\u0119pnie b\u0119dzie odliczanie do osi\u0105gni\u0119cia ustawionej temperatury. Urz\u0105dzenie pami\u0119ta ostatnio ustawion\u0105 temperatur\u0119. Wewn\u0105trz urz\u0105dzenia znajduj\u0105 si\u0119 2 diody informuj\u0105ce o stanie urz\u0105dzenia &#8211; czerwony: nagrzewa si\u0119, zielony: gotowe do u\u017cycia. Temperatur\u0119 mo\u017cna ustawi\u0107 za pomoc\u0105 dw\u00f3ch klawiszy bocznych.<\/p>\n<p>4) Po zako\u0144czeniu sesji, nale\u017cy opr\u00f3\u017cni\u0107 zu\u017cyty susz i oczy\u015bci\u0107 komor\u0119 za pomoc\u0105 do\u0142\u0105czonego p\u0119dzelka.<\/p>\n<p><strong><br \/>\n<\/strong><strong>Urz\u0105dzenie nie jest przeznaczone do waporyzacji tytoniu i wyrob\u00f3w tytoniowych.<\/strong><\/p>\n<div class=\"page\" title=\"Page 7\">\n<div class=\"layoutArea\">\n<div class=\"column\">\n<table>\n<tbody>\n<tr>\n<td>\n<div class=\"layoutArea\">\n<div class=\"column\">\n<p><strong>Specyfikacja<\/strong><\/p>\n<\/div>\n<\/div>\n<\/td>\n<td><\/td>\n<\/tr>\n<tr>\n<td>Rozmiar<\/td>\n<td><strong>5 x 8 x 2,5 cm<\/strong><\/td>\n<\/tr>\n<tr>\n<td>Waga<\/td>\n<td><strong>135 g<\/strong><\/td>\n<\/tr>\n<tr>\n<td>Rodzaj<\/td>\n<td><strong>Przenos\u0301ny<\/strong><\/td>\n<\/tr>\n<tr>\n<td>Podgrzewanie<\/td>\n<td><strong>Hybrydowe<\/strong><\/td>\n<\/tr>\n<tr>\n<td>Przybliz\u0307ona pojemnos\u0301c\u0301 komory<\/td>\n<td><strong>0,15 g<\/strong><\/td>\n<\/tr>\n<tr>\n<td>Zakres temperatury<\/td>\n<td><strong>160 do 221 \u00b0C<\/strong><\/td>\n<\/tr>\n<tr>\n<td>Komora grzewcza<\/td>\n<td><strong>Aluminium<\/strong><\/td>\n<\/tr>\n<tr>\n<td>Bateria<\/td>\n<td><strong>1600 mAh<\/strong><\/td>\n<\/tr>\n<tr>\n<td>Wymienna bateria<\/td>\n<td><strong>Nie<\/strong><\/td>\n<\/tr>\n<tr>\n<td>Kolor<\/td>\n<td><strong>Czarny<\/strong><\/td>\n<\/tr>\n<tr>\n<td>Producent<\/td>\n<td>\n<div class=\"page\" title=\"Page 7\">\n<div class=\"layoutArea\">\n<div class=\"column\">\n<p><strong>Weecke<\/strong><\/p>\n<\/div>\n<\/div>\n<\/div>\n<\/td>\n<\/tr>\n<\/tbody>\n<\/table>\n<p>&nbsp;<\/p>\n<div class=\"page\" title=\"Page 7\">\n<div class=\"layoutArea\">\n<div class=\"column\">\n<p><strong>Zawartos\u0301c\u0301 Zestawu<\/strong><\/p>\n<ul>\n<li>Waporyzator Fenix Mini<\/li>\n<li>Kabel USB<\/li>\n<li>Szczoteczka czyszcza\u0328ca<\/li>\n<li>Mieszade\u0142ko<\/li>\n<li>Pe\u0328seta<\/li>\n<li>Zapasowa uszczelka wraz z sitkiem<\/li>\n<li>Kwarcowy wk\u0142ad do waporyzacji koncentrato\u0301w<\/li>\n<li>Instrukcja obs\u0142ugi<\/li>\n<\/ul>\n<\/div>\n<\/div>\n<\/div>\n<div class=\"page\" title=\"Page 7\"><\/div>\n<\/div>\n<\/div>\n<\/div>\n<\/div>\n<\/div>\n<\/div>\n<\/div>\n<\/div>\n<div data-boxes-side=\"2\">\n<div id=\"box_custom41\" class=\"box resetcss box_custom\"><\/div>\n<\/div>\n","protected":false},"excerpt":{"rendered":"<p><img loading=\"lazy\" decoding=\"async\" class=\"alignnone size-full wp-image-44980\" src=\"https:\/\/htb.com.pl\/wp-content\/uploads\/2019\/06\/Tel-ma\u0142y.jpg\" alt=\"\" width=\"97\" height=\"100\" \/> (+48) 519652500<\/p>\n<h4>Przeno\u015bny, konwekcyjny waporyzator do suszu<\/h4>\n","protected":false},"featured_media":91640,"comment_status":"open","ping_status":"closed","template":"","meta":[],"class_list":{"0":"post-91547","1":"product","2":"type-product","3":"status-publish","4":"has-post-thumbnail","6":"product_cat-waporyzatory","8":"first","9":"instock","10":"taxable","11":"shipping-taxable","12":"purchasable","13":"product-type-simple"},"jetpack_sharing_enabled":true,"_links":{"self":[{"href":"https:\/\/htb.com.pl\/index.php?rest_route=\/wp\/v2\/product\/91547","targetHints":{"allow":["GET"]}}],"collection":[{"href":"https:\/\/htb.com.pl\/index.php?rest_route=\/wp\/v2\/product"}],"about":[{"href":"https:\/\/htb.com.pl\/index.php?rest_route=\/wp\/v2\/types\/product"}],"replies":[{"embeddable":true,"href":"https:\/\/htb.com.pl\/index.php?rest_route=%2Fwp%2Fv2%2Fcomments&post=91547"}],"wp:featuredmedia":[{"embeddable":true,"href":"https:\/\/htb.com.pl\/index.php?rest_route=\/wp\/v2\/media\/91640"}],"wp:attachment":[{"href":"https:\/\/htb.com.pl\/index.php?rest_route=%2Fwp%2Fv2%2Fmedia&parent=91547"}],"curies":[{"name":"wp","href":"https:\/\/api.w.org\/{rel}","templated":true}]}}